CRAN Package Check Results for Package hypothesis

Last updated on 2025-11-24 11:50:09 CET.

Flavor Version Tinstall Tcheck Ttotal Status Flags
r-devel-linux-x86_64-debian-clang 1.1.0 1.98 27.62 29.60 NOTE
r-devel-linux-x86_64-debian-gcc 1.1.0 1.39 22.41 23.80 NOTE
r-devel-linux-x86_64-fedora-clang 1.1.0 43.57 NOTE
r-devel-linux-x86_64-fedora-gcc 1.1.0 53.50 NOTE
r-devel-windows-x86_64 1.1.0 5.00 46.00 51.00 NOTE
r-patched-linux-x86_64 1.1.0 2.04 25.54 27.58 NOTE
r-release-linux-x86_64 1.1.0 1.92 25.31 27.23 NOTE
r-release-macos-arm64 1.1.0 NOTE
r-release-macos-x86_64 1.1.0 2.00 39.00 41.00 NOTE
r-release-windows-x86_64 1.1.0 4.00 46.00 50.00 NOTE
r-oldrel-macos-arm64 1.1.0 OK
r-oldrel-macos-x86_64 1.1.0 2.00 32.00 34.00 OK
r-oldrel-windows-x86_64 1.1.0 5.00 52.00 57.00 OK

Check Details

Version: 1.1.0
Check: DESCRIPTION meta-information
Result: NOTE Missing dependency on R >= 4.1.0 because package code uses the pipe |> or function shorthand \(...) syntax added in R 4.1.0. File(s) using such syntax: ‘hypothesis-api.R’ Flavors: r-devel-linux-x86_64-debian-clang, r-devel-linux-x86_64-debian-gcc, r-devel-linux-x86_64-fedora-clang, r-devel-linux-x86_64-fedora-gcc, r-devel-windows-x86_64, r-patched-linux-x86_64, r-release-linux-x86_64, r-release-macos-arm64, r-release-macos-x86_64, r-release-windows-x86_64

mirror server hosted at Truenetwork, Russian Federation.