CRAN Package Check Results for Package ibmAcousticR

Last updated on 2025-07-12 18:49:42 CEST.

Flavor Version Tinstall Tcheck Ttotal Status Flags
r-devel-linux-x86_64-debian-clang 0.2.1 2.53 25.19 27.72 OK
r-devel-linux-x86_64-debian-gcc 0.2.1 1.84 20.49 22.33 OK
r-devel-linux-x86_64-fedora-clang 0.2.1 43.67 OK
r-devel-linux-x86_64-fedora-gcc 0.2.1 39.62 OK
r-devel-windows-x86_64 0.2.1 4.00 46.00 50.00 OK
r-patched-linux-x86_64 0.2.1 2.43 24.14 26.57 OK
r-release-linux-x86_64 0.2.1 2.33 24.03 26.36 OK
r-release-macos-arm64 0.2.1 19.00 OK
r-release-macos-x86_64 0.2.1 35.00 OK
r-release-windows-x86_64 0.2.1 4.00 48.00 52.00 OK
r-oldrel-macos-arm64 0.2.1 18.00 NOTE
r-oldrel-macos-x86_64 0.2.1 24.00 NOTE
r-oldrel-windows-x86_64 0.2.1 5.00 49.00 54.00 NOTE

Check Details

Version: 0.2.1
Check: LazyData
Result: NOTE 'LazyData' is specified without a 'data' directory Flavors: r-oldrel-macos-arm64, r-oldrel-macos-x86_64, r-oldrel-windows-x86_64

mirror server hosted at Truenetwork, Russian Federation.