CRAN Package Check Results for Package iccbeta

Last updated on 2025-07-12 18:49:42 CEST.

Flavor Version Tinstall Tcheck Ttotal Status Flags
r-devel-linux-x86_64-debian-clang 1.2.0 25.62 65.42 91.04 NOTE
r-devel-linux-x86_64-debian-gcc 1.2.0 17.52 52.34 69.86 NOTE
r-devel-linux-x86_64-fedora-clang 1.2.0 155.45 NOTE
r-devel-linux-x86_64-fedora-gcc 1.2.0 131.30 NOTE
r-devel-windows-x86_64 1.2.0 29.00 92.00 121.00 NOTE
r-patched-linux-x86_64 1.2.0 22.85 61.41 84.26 NOTE
r-release-linux-x86_64 1.2.0 23.09 62.13 85.22 NOTE
r-release-macos-arm64 1.2.0 44.00 NOTE
r-release-macos-x86_64 1.2.0 82.00 NOTE
r-release-windows-x86_64 1.2.0 29.00 99.00 128.00 NOTE
r-oldrel-macos-arm64 1.2.0 44.00 NOTE
r-oldrel-macos-x86_64 1.2.0 58.00 NOTE
r-oldrel-windows-x86_64 1.2.0 36.00 110.00 146.00 NOTE

Check Details

Version: 1.2.0
Check: CRAN incoming feasibility
Result: NOTE Maintainer: ‘Steven Andrew Culpepper <sculpepp@illinois.edu>’ Package CITATION file contains call(s) to old-style personList() or as.personList(). Please use c() on person objects instead. Package CITATION file contains call(s) to old-style citEntry(). Please use bibentry() instead. Flavors: r-devel-linux-x86_64-debian-clang, r-devel-linux-x86_64-debian-gcc

Version: 1.2.0
Check: C++ specification
Result: NOTE Specified C++11: please drop specification unless essential Flavors: r-devel-linux-x86_64-debian-clang, r-devel-linux-x86_64-debian-gcc, r-devel-linux-x86_64-fedora-clang, r-devel-linux-x86_64-fedora-gcc, r-devel-windows-x86_64, r-patched-linux-x86_64, r-release-linux-x86_64, r-release-macos-arm64, r-release-macos-x86_64, r-release-windows-x86_64, r-oldrel-macos-arm64, r-oldrel-macos-x86_64, r-oldrel-windows-x86_64

mirror server hosted at Truenetwork, Russian Federation.