Last updated on 2024-06-15 18:57:50 CEST.
Flavor | Version | Tinstall | Tcheck | Ttotal | Status | Flags |
---|---|---|---|---|---|---|
r-devel-linux-x86_64-debian-clang | 1.2.0 | 31.54 | 80.38 | 111.92 | NOTE | |
r-devel-linux-x86_64-debian-gcc | 1.2.0 | 27.05 | 59.78 | 86.83 | NOTE | |
r-devel-linux-x86_64-fedora-clang | 1.2.0 | 158.73 | NOTE | |||
r-devel-linux-x86_64-fedora-gcc | 1.2.0 | 153.14 | NOTE | |||
r-devel-windows-x86_64 | 1.2.0 | 31.00 | 90.00 | 121.00 | NOTE | |
r-patched-linux-x86_64 | 1.2.0 | 24.03 | 76.32 | 100.35 | NOTE | |
r-release-linux-x86_64 | 1.2.0 | 24.37 | 76.20 | 100.57 | NOTE | |
r-release-macos-arm64 | 1.2.0 | 44.00 | NOTE | |||
r-release-macos-x86_64 | 1.2.0 | 58.00 | NOTE | |||
r-release-windows-x86_64 | 1.2.0 | 30.00 | 93.00 | 123.00 | NOTE | |
r-oldrel-macos-arm64 | 1.2.0 | 47.00 | NOTE | |||
r-oldrel-macos-x86_64 | 1.2.0 | 74.00 | NOTE | |||
r-oldrel-windows-x86_64 | 1.2.0 | 39.00 | 113.00 | 152.00 | NOTE |
Version: 1.2.0
Check: C++ specification
Result: NOTE
Specified C++11: please drop specification unless essential
Flavors: r-devel-linux-x86_64-debian-clang, r-devel-linux-x86_64-debian-gcc, r-devel-linux-x86_64-fedora-clang, r-devel-linux-x86_64-fedora-gcc, r-devel-windows-x86_64, r-patched-linux-x86_64, r-release-linux-x86_64, r-release-macos-arm64, r-release-macos-x86_64, r-release-windows-x86_64, r-oldrel-macos-arm64, r-oldrel-macos-x86_64, r-oldrel-windows-x86_64