CRAN Package Check Results for Package icd.data

Last updated on 2025-11-22 17:49:32 CET.

Flavor Version Tinstall Tcheck Ttotal Status Flags
r-devel-linux-x86_64-debian-clang 1.0 53.13 27.59 80.72 OK
r-devel-linux-x86_64-debian-gcc 1.0 40.35 23.78 64.13 OK
r-devel-linux-x86_64-fedora-clang 1.0 263.00 -130.79 132.21 OK
r-devel-linux-x86_64-fedora-gcc 1.0 130.00 -5.15 124.85 OK
r-devel-windows-x86_64 1.0 56.00 48.00 104.00 OK
r-patched-linux-x86_64 1.0 56.89 25.21 82.10 OK
r-release-linux-x86_64 1.0 55.94 24.99 80.93 OK
r-release-macos-arm64 1.0 OK
r-release-macos-x86_64 1.0 64.00 30.00 94.00 OK
r-release-windows-x86_64 1.0 53.00 46.00 99.00 OK
r-oldrel-macos-arm64 1.0 NOTE
r-oldrel-macos-x86_64 1.0 47.00 28.00 75.00 NOTE
r-oldrel-windows-x86_64 1.0 63.00 54.00 117.00 NOTE

Check Details

Version: 1.0
Check: package dependencies
Result: NOTE Package suggested but not available for checking: ‘icd’ Flavors: r-oldrel-macos-arm64, r-oldrel-macos-x86_64, r-oldrel-windows-x86_64

Version: 1.0
Check: installed package size
Result: NOTE installed size is 5.8Mb sub-directories of 1Mb or more: data 5.6Mb Flavors: r-oldrel-macos-arm64, r-oldrel-macos-x86_64

mirror server hosted at Truenetwork, Russian Federation.