CRAN Package Check Results for Package ie2misc

Last updated on 2025-05-18 06:49:16 CEST.

Flavor Version Tinstall Tcheck Ttotal Status Flags
r-devel-linux-x86_64-debian-clang 0.9.1 12.93 66.61 79.54 NOTE
r-devel-linux-x86_64-debian-gcc 0.9.1 9.44 47.34 56.78 NOTE
r-devel-linux-x86_64-fedora-clang 0.9.1 127.47 OK
r-devel-linux-x86_64-fedora-gcc 0.9.1 121.84 OK
r-devel-windows-x86_64 0.9.1 12.00 73.00 85.00 NOTE
r-patched-linux-x86_64 0.9.1 11.80 60.93 72.73 NOTE
r-release-linux-x86_64 0.9.1 12.59 61.02 73.61 NOTE
r-release-macos-arm64 0.9.1 69.00 OK
r-release-macos-x86_64 0.9.1 65.00 OK
r-release-windows-x86_64 0.9.1 13.00 87.00 100.00 NOTE
r-oldrel-macos-arm64 0.9.1 48.00 OK
r-oldrel-macos-x86_64 0.9.1 59.00 OK
r-oldrel-windows-x86_64 0.9.1 14.00 88.00 102.00 OK

Check Details

Version: 0.9.1
Check: CRAN incoming feasibility
Result: NOTE Maintainer: ‘Irucka Embry <iembry@ecoccs.com>’ No Authors@R field in DESCRIPTION. Please add one, modifying Authors@R: c(person(given = "Irucka", family = "Embry", role = c("aut", "cre"), email = "iembry@ecoccs.com"), person(given = "Anne", family = "Hoos", role = "ctb"), person(given = c("Timothy", "H."), family = "Diehl", role = "ctb")) as necessary. Flavors: r-devel-linux-x86_64-debian-clang, r-devel-linux-x86_64-debian-gcc

Version: 0.9.1
Check: Rd cross-references
Result: NOTE Found the following Rd file(s) with Rd \link{} targets missing package anchors: madstat.Rd: data.table Please provide package anchors for all Rd \link{} targets not in the package itself and the base packages. Flavors: r-devel-linux-x86_64-debian-clang, r-devel-linux-x86_64-debian-gcc, r-devel-windows-x86_64, r-patched-linux-x86_64, r-release-linux-x86_64, r-release-windows-x86_64

mirror server hosted at Truenetwork, Russian Federation.