CRAN Package Check Results for Package iemisctext

Last updated on 2025-07-12 06:48:25 CEST.

Flavor Version Tinstall Tcheck Ttotal Status Flags
r-devel-linux-x86_64-debian-clang 1.0.1 1.57 87.17 88.74 NOTE
r-devel-linux-x86_64-debian-gcc 1.0.1 1.42 65.55 66.97 NOTE
r-devel-linux-x86_64-fedora-clang 1.0.1 143.54 OK
r-devel-linux-x86_64-fedora-gcc 1.0.1 145.40 OK
r-devel-windows-x86_64 1.0.1 4.00 156.00 160.00 OK
r-patched-linux-x86_64 1.0.1 1.76 84.36 86.12 OK
r-release-linux-x86_64 1.0.1 1.45 83.62 85.07 OK
r-release-macos-arm64 1.0.1 53.00 OK
r-release-macos-x86_64 1.0.1 102.00 OK
r-release-windows-x86_64 1.0.1 4.00 156.00 160.00 OK
r-oldrel-macos-arm64 1.0.1 52.00 OK
r-oldrel-macos-x86_64 1.0.1 116.00 OK
r-oldrel-windows-x86_64 1.0.1 3.00 167.00 170.00 OK

Check Details

Version: 1.0.1
Check: CRAN incoming feasibility
Result: NOTE Maintainer: ‘Irucka Embry <iembry@ecoccs.com>’ No Authors@R field in DESCRIPTION. Please add one, modifying Authors@R: person(given = "Irucka", family = "Embry", role = c("aut", "cre"), email = "iembry@ecoccs.com") as necessary. Flavors: r-devel-linux-x86_64-debian-clang, r-devel-linux-x86_64-debian-gcc

mirror server hosted at Truenetwork, Russian Federation.