CRAN Package Check Results for Package ife

Last updated on 2025-07-12 18:49:42 CEST.

Flavor Version Tinstall Tcheck Ttotal Status Flags
r-devel-linux-x86_64-debian-clang 0.1.12 2.42 25.68 28.10 OK
r-devel-linux-x86_64-debian-gcc 0.1.12 1.74 21.16 22.90 WARN
r-devel-linux-x86_64-fedora-clang 0.1.12 44.38 OK
r-devel-linux-x86_64-fedora-gcc 0.1.12 38.78 OK
r-devel-windows-x86_64 0.1.12 3.00 45.00 48.00 OK
r-patched-linux-x86_64 0.1.12 2.34 23.51 25.85 OK
r-release-linux-x86_64 0.1.12 2.20 23.59 25.79 OK
r-release-macos-arm64 0.1.12 19.00 OK
r-release-macos-x86_64 0.1.12 28.00 OK
r-release-windows-x86_64 0.1.12 3.00 44.00 47.00 OK
r-oldrel-macos-arm64 0.1.12 23.00 OK
r-oldrel-macos-x86_64 0.1.12 49.00 OK
r-oldrel-windows-x86_64 0.1.12 3.00 49.00 52.00 OK

Check Details

Version: 0.1.12
Check: replacement functions
Result: WARN ‘print.:.ife::influence_func_estimate’ The argument of a replacement function which corresponds to the right hand side must be named ‘value’. Flavor: r-devel-linux-x86_64-debian-gcc

mirror server hosted at Truenetwork, Russian Federation.