Last updated on 2025-11-02 17:49:40 CET.
| Flavor | Version | Tinstall | Tcheck | Ttotal | Status | Flags |
|---|---|---|---|---|---|---|
| r-devel-linux-x86_64-debian-clang | 2.2.1 | 229.10 | 416.56 | 645.66 | OK | |
| r-devel-linux-x86_64-debian-gcc | 2.2.1 | 185.10 | 279.14 | 464.24 | OK | |
| r-devel-linux-x86_64-fedora-clang | 2.2.1 | 660.00 | 404.62 | 1064.62 | OK | |
| r-devel-linux-x86_64-fedora-gcc | 2.2.1 | 1800.00 | -631.90 | 1168.10 | OK | |
| r-devel-windows-x86_64 | 2.2.1 | 408.00 | 491.00 | 899.00 | OK | |
| r-patched-linux-x86_64 | 2.2.1 | 254.62 | 388.49 | 643.11 | OK | |
| r-release-linux-x86_64 | 2.2.1 | 240.37 | 391.52 | 631.89 | OK | |
| r-release-macos-arm64 | 2.2.1 | 95.00 | 145.00 | 240.00 | OK | |
| r-release-macos-x86_64 | 2.2.1 | 161.00 | 491.00 | 652.00 | OK | |
| r-release-windows-x86_64 | 2.2.1 | 507.00 | 498.00 | 1005.00 | OK | |
| r-oldrel-macos-arm64 | 2.2.1 | 102.00 | 150.00 | 252.00 | NOTE | |
| r-oldrel-macos-x86_64 | 2.2.1 | 143.00 | 520.00 | 663.00 | NOTE | |
| r-oldrel-windows-x86_64 | 2.2.1 | 498.00 | 597.00 | 1095.00 | NOTE |
Version: 2.2.1
Check: installed package size
Result: NOTE
installed size is 23.3Mb
sub-directories of 1Mb or more:
R 2.0Mb
doc 1.2Mb
help 2.2Mb
libs 17.4Mb
Flavors: r-oldrel-macos-arm64, r-oldrel-macos-x86_64, r-oldrel-windows-x86_64