Last updated on 2025-05-09 00:50:05 CEST.
Flavor | Version | Tinstall | Tcheck | Ttotal | Status | Flags |
---|---|---|---|---|---|---|
r-devel-linux-x86_64-debian-clang | 0.1.0 | 12.77 | 33.70 | 46.47 | NOTE | |
r-devel-linux-x86_64-debian-gcc | 0.1.0 | 8.18 | 25.97 | 34.15 | NOTE | |
r-devel-linux-x86_64-fedora-clang | 0.1.0 | 72.71 | NOTE | |||
r-devel-linux-x86_64-fedora-gcc | 0.1.0 | 74.15 | NOTE | |||
r-devel-windows-x86_64 | 0.1.0 | 16.00 | 71.00 | 87.00 | NOTE | |
r-patched-linux-x86_64 | 0.1.0 | 11.07 | 31.09 | 42.16 | NOTE | |
r-release-linux-x86_64 | 0.1.0 | 11.81 | 31.05 | 42.86 | NOTE | |
r-release-macos-arm64 | 0.1.0 | 25.00 | NOTE | |||
r-release-macos-x86_64 | 0.1.0 | 50.00 | NOTE | |||
r-release-windows-x86_64 | 0.1.0 | 18.00 | 72.00 | 90.00 | NOTE | |
r-oldrel-macos-arm64 | 0.1.0 | 25.00 | NOTE | |||
r-oldrel-macos-x86_64 | 0.1.0 | 40.00 | NOTE | |||
r-oldrel-windows-x86_64 | 0.1.0 | 17.00 | 80.00 | 97.00 | NOTE |
Version: 0.1.0
Check: CRAN incoming feasibility
Result: NOTE
Maintainer: ‘Jan Wijffels <jwijffels@bnosac.be>’
Package CITATION file contains call(s) to old-style personList() or
as.personList(). Please use c() on person objects instead.
Package CITATION file contains call(s) to old-style citEntry(). Please
use bibentry() instead.
Found the following URLs which should use \doi (with the DOI name only):
File ‘image.LineSegmentDetector-package.Rd’:
https://doi.org/10.5201/ipol.2012.gjmr-lsd
File ‘image_line_segment_detector.Rd’:
https://doi.org/10.5201/ipol.2012.gjmr-lsd
Flavors: r-devel-linux-x86_64-debian-clang, r-devel-linux-x86_64-debian-gcc
Version: 0.1.0
Check: Rd files
Result: NOTE
checkRd: (-1) image_line_segment_detector.Rd:65: Lost braces in \itemize; \value handles \item{}{} directly
checkRd: (-1) image_line_segment_detector.Rd:66-72: Lost braces in \itemize; \value handles \item{}{} directly
checkRd: (-1) image_line_segment_detector.Rd:73-76: Lost braces in \itemize; \value handles \item{}{} directly
Flavors: r-devel-linux-x86_64-debian-clang, r-devel-linux-x86_64-debian-gcc, r-devel-linux-x86_64-fedora-clang, r-devel-linux-x86_64-fedora-gcc, r-devel-windows-x86_64, r-patched-linux-x86_64, r-release-linux-x86_64, r-release-macos-arm64, r-release-macos-x86_64, r-release-windows-x86_64, r-oldrel-macos-arm64, r-oldrel-macos-x86_64, r-oldrel-windows-x86_64