Last updated on 2025-11-24 11:50:09 CET.
| Flavor | Version | Tinstall | Tcheck | Ttotal | Status | Flags |
|---|---|---|---|---|---|---|
| r-devel-linux-x86_64-debian-clang | 1.5-13 | 69.63 | 69.09 | 138.72 | NOTE | |
| r-devel-linux-x86_64-debian-gcc | 1.5-13 | 50.04 | 48.71 | 98.75 | NOTE | |
| r-devel-linux-x86_64-fedora-clang | 1.5-13 | 199.00 | 56.59 | 255.59 | OK | |
| r-devel-linux-x86_64-fedora-gcc | 1.5-13 | 119.00 | 100.77 | 219.77 | OK | |
| r-devel-windows-x86_64 | 1.5-13 | 91.00 | 94.00 | 185.00 | OK | |
| r-patched-linux-x86_64 | 1.5-13 | 71.27 | 62.85 | 134.12 | OK | |
| r-release-linux-x86_64 | 1.5-13 | 73.08 | 63.61 | 136.69 | OK | |
| r-release-macos-arm64 | 1.5-13 | OK | ||||
| r-release-macos-x86_64 | 1.5-13 | 29.00 | 60.00 | 89.00 | OK | |
| r-release-windows-x86_64 | 1.5-13 | 80.00 | 98.00 | 178.00 | OK | |
| r-oldrel-macos-arm64 | 1.5-13 | OK | ||||
| r-oldrel-macos-x86_64 | 1.5-13 | 24.00 | 45.00 | 69.00 | OK | |
| r-oldrel-windows-x86_64 | 1.5-13 | 95.00 | 120.00 | 215.00 | OK |
Version: 1.5-13
Check: CRAN incoming feasibility
Result: NOTE
Maintainer: ‘Alexander Robitzsch <robitzsch@ipn.uni-kiel.de>’
No Authors@R field in DESCRIPTION.
Please add one, modifying
Authors@R: c(person(given = "Alexander",
family = "Robitzsch",
role = c("aut", "cre"),
email = "robitzsch@ipn.uni-kiel.de"),
person(given = "Jan",
family = "Steinfeld",
role = "aut"))
as necessary.
Flavors: r-devel-linux-x86_64-debian-clang, r-devel-linux-x86_64-debian-gcc