CRAN Package Check Results for Package imputeR

Last updated on 2025-11-25 17:49:53 CET.

Flavor Version Tinstall Tcheck Ttotal Status Flags
r-devel-linux-x86_64-debian-clang 2.2 3.73 45.16 48.89 NOTE
r-devel-linux-x86_64-debian-gcc 2.2 2.93 33.57 36.50 NOTE
r-devel-linux-x86_64-fedora-clang 2.2 15.00 60.21 75.21 OK
r-devel-linux-x86_64-fedora-gcc 2.2 70.23 OK
r-devel-windows-x86_64 2.2 8.00 64.00 72.00 OK
r-patched-linux-x86_64 2.2 4.42 41.86 46.28 OK
r-release-linux-x86_64 2.2 3.87 42.39 46.26 OK
r-release-macos-arm64 2.2 OK
r-release-macos-x86_64 2.2 4.00 48.00 52.00 OK
r-release-windows-x86_64 2.2 6.00 64.00 70.00 OK
r-oldrel-macos-arm64 2.2 OK
r-oldrel-macos-x86_64 2.2 3.00 35.00 38.00 OK
r-oldrel-windows-x86_64 2.2 10.00 75.00 85.00 OK

Check Details

Version: 2.2
Check: CRAN incoming feasibility
Result: NOTE Maintainer: ‘Steffen Moritz <steffen.moritz10@gmail.com>’ Package CITATION file contains call(s) to old-style personList() or as.personList(). Please use c() on person objects instead. Flavors: r-devel-linux-x86_64-debian-clang, r-devel-linux-x86_64-debian-gcc

mirror server hosted at Truenetwork, Russian Federation.