Last updated on 2025-11-03 11:49:44 CET.
| Flavor | Version | Tinstall | Tcheck | Ttotal | Status | Flags |
|---|---|---|---|---|---|---|
| r-devel-linux-x86_64-debian-clang | 1.0.10 | 17.94 | 91.11 | 109.05 | NOTE | |
| r-devel-linux-x86_64-debian-gcc | 1.0.10 | 12.94 | 63.78 | 76.72 | NOTE | |
| r-devel-linux-x86_64-fedora-clang | 1.0.10 | 78.00 | 106.20 | 184.20 | OK | |
| r-devel-linux-x86_64-fedora-gcc | 1.0.10 | 41.00 | 119.90 | 160.90 | OK | |
| r-devel-windows-x86_64 | 1.0.10 | 22.00 | 109.00 | 131.00 | OK | |
| r-patched-linux-x86_64 | 1.0.10 | 18.66 | 89.70 | 108.36 | OK | |
| r-release-linux-x86_64 | 1.0.10 | 19.17 | 89.25 | 108.42 | OK | |
| r-release-macos-arm64 | 1.0.10 | 9.00 | 38.00 | 47.00 | OK | |
| r-release-macos-x86_64 | 1.0.10 | 14.00 | 64.00 | 78.00 | OK | |
| r-release-windows-x86_64 | 1.0.10 | 22.00 | 109.00 | 131.00 | OK | |
| r-oldrel-macos-arm64 | 1.0.10 | 9.00 | 34.00 | 43.00 | OK | |
| r-oldrel-macos-x86_64 | 1.0.10 | 12.00 | 55.00 | 67.00 | OK | |
| r-oldrel-windows-x86_64 | 1.0.10 | 28.00 | 145.00 | 173.00 | OK |
Version: 1.0.10
Check: CRAN incoming feasibility
Result: NOTE
Maintainer: ‘Utkarsh J. Dang <utkarshdang@cunet.carleton.ca>’
No Authors@R field in DESCRIPTION.
Please add one, modifying
Authors@R: c(person(given = c("Utkarsh", "J."),
family = "Dang",
role = c("aut", "cre"),
email = "utkarshdang@cunet.carleton.ca"),
person(given = c("G.", "Brian"),
family = "Golding",
role = "aut"))
as necessary.
Flavors: r-devel-linux-x86_64-debian-clang, r-devel-linux-x86_64-debian-gcc