CRAN Package Check Results for Package indiedown

Last updated on 2025-05-28 12:49:36 CEST.

Flavor Version Tinstall Tcheck Ttotal Status Flags
r-devel-linux-x86_64-debian-clang 0.1.1 1.52 31.08 32.60 OK
r-devel-linux-x86_64-debian-gcc 0.1.1 1.66 25.29 26.95 OK
r-devel-linux-x86_64-fedora-clang 0.1.1 52.41 OK
r-devel-linux-x86_64-fedora-gcc 0.1.1 64.53 OK
r-devel-windows-x86_64 0.1.1 4.00 53.00 57.00 OK
r-patched-linux-x86_64 0.1.1 2.24 30.11 32.35 OK
r-release-linux-x86_64 0.1.1 2.06 29.74 31.80 OK
r-release-macos-arm64 0.1.1 41.00 OK
r-release-macos-x86_64 0.1.1 55.00 OK
r-release-windows-x86_64 0.1.1 4.00 56.00 60.00 OK
r-oldrel-macos-arm64 0.1.1 29.00 NOTE
r-oldrel-macos-x86_64 0.1.1 41.00 NOTE
r-oldrel-windows-x86_64 0.1.1 5.00 60.00 65.00 NOTE

Check Details

Version: 0.1.1
Check: LazyData
Result: NOTE 'LazyData' is specified without a 'data' directory Flavors: r-oldrel-macos-arm64, r-oldrel-macos-x86_64, r-oldrel-windows-x86_64

mirror server hosted at Truenetwork, Russian Federation.