Last updated on 2025-11-24 11:50:09 CET.
| Flavor | Version | Tinstall | Tcheck | Ttotal | Status | Flags |
|---|---|---|---|---|---|---|
| r-devel-linux-x86_64-debian-clang | 0.2.1 | 2.04 | 36.86 | 38.90 | NOTE | |
| r-devel-linux-x86_64-debian-gcc | 0.2.1 | 1.69 | 28.87 | 30.56 | NOTE | |
| r-devel-linux-x86_64-fedora-clang | 0.2.1 | 57.89 | OK | |||
| r-devel-linux-x86_64-fedora-gcc | 0.2.1 | 64.79 | OK | |||
| r-devel-windows-x86_64 | 0.2.1 | 4.00 | 69.00 | 73.00 | OK | |
| r-patched-linux-x86_64 | 0.2.1 | 2.72 | 34.79 | 37.51 | OK | |
| r-release-linux-x86_64 | 0.2.1 | 1.58 | 35.13 | 36.71 | OK | |
| r-release-macos-arm64 | 0.2.1 | OK | ||||
| r-release-macos-x86_64 | 0.2.1 | 2.00 | 60.00 | 62.00 | OK | |
| r-release-windows-x86_64 | 0.2.1 | 4.00 | 85.00 | 89.00 | OK | |
| r-oldrel-macos-arm64 | 0.2.1 | OK | ||||
| r-oldrel-macos-x86_64 | 0.2.1 | 2.00 | 40.00 | 42.00 | OK | |
| r-oldrel-windows-x86_64 | 0.2.1 | 4.00 | 73.00 | 77.00 | OK |
Version: 0.2.1
Check: CRAN incoming feasibility
Result: NOTE
Maintainer: ‘Geoff Hosack <geoff.hosack@csiro.au>’
No Authors@R field in DESCRIPTION.
Please add one, modifying
Authors@R: c(person(given = c("Geoffrey", "R."),
family = "Hosack",
role = "aut"),
person(given = "Geoff",
family = "Hosack",
role = "cre",
email = "geoff.hosack@csiro.au"))
as necessary.
Flavors: r-devel-linux-x86_64-debian-clang, r-devel-linux-x86_64-debian-gcc