Last updated on 2025-05-19 18:50:29 CEST.
Flavor | Version | Tinstall | Tcheck | Ttotal | Status | Flags |
---|---|---|---|---|---|---|
r-devel-linux-x86_64-debian-clang | 0.1.0 | 7.65 | 65.33 | 72.98 | NOTE | |
r-devel-linux-x86_64-debian-gcc | 0.1.0 | 5.19 | 48.82 | 54.01 | NOTE | |
r-devel-linux-x86_64-fedora-clang | 0.1.0 | 114.77 | OK | |||
r-devel-linux-x86_64-fedora-gcc | 0.1.0 | 107.92 | OK | |||
r-devel-windows-x86_64 | 0.1.0 | 9.00 | 83.00 | 92.00 | OK | |
r-patched-linux-x86_64 | 0.1.0 | 6.60 | 62.50 | 69.10 | OK | |
r-release-linux-x86_64 | 0.1.0 | 7.01 | 63.32 | 70.33 | OK | |
r-release-macos-arm64 | 0.1.0 | 39.00 | OK | |||
r-release-macos-x86_64 | 0.1.0 | 75.00 | OK | |||
r-release-windows-x86_64 | 0.1.0 | 8.00 | 80.00 | 88.00 | OK | |
r-oldrel-macos-arm64 | 0.1.0 | 31.00 | OK | |||
r-oldrel-macos-x86_64 | 0.1.0 | 55.00 | OK | |||
r-oldrel-windows-x86_64 | 0.1.0 | 10.00 | 94.00 | 104.00 | OK |
Version: 0.1.0
Check: CRAN incoming feasibility
Result: NOTE
Maintainer: ‘Jonas Haslbeck <jonashaslbeck@gmail.com>’
No Authors@R field in DESCRIPTION.
Please add one, modifying
Authors@R: c(person(given = "Lourens",
family = "Waldorp",
role = "aut",
email = "waldorp@uva.nl"),
person(given = "Jonas",
family = "Haslbeck",
role = c("aut", "cre"),
email = "jonashaslbeck@gmail.com"))
as necessary.
Flavors: r-devel-linux-x86_64-debian-clang, r-devel-linux-x86_64-debian-gcc