Last updated on 2024-06-29 12:48:18 CEST.
Flavor | Version | Tinstall | Tcheck | Ttotal | Status | Flags |
---|---|---|---|---|---|---|
r-devel-linux-x86_64-debian-clang | 1.0 | 65.18 | 75.90 | 141.08 | NOTE | |
r-devel-linux-x86_64-debian-gcc | 1.0 | 45.72 | 55.16 | 100.88 | NOTE | |
r-devel-linux-x86_64-fedora-clang | 1.0 | 193.17 | NOTE | |||
r-devel-linux-x86_64-fedora-gcc | 1.0 | 193.47 | NOTE | |||
r-devel-windows-x86_64 | 1.0 | 53.00 | 91.00 | 144.00 | NOTE | |
r-patched-linux-x86_64 | 1.0 | 55.33 | 69.55 | 124.88 | NOTE | |
r-release-linux-x86_64 | 1.0 | 59.89 | 71.42 | 131.31 | NOTE | |
r-release-macos-arm64 | 1.0 | 46.00 | NOTE | |||
r-release-macos-x86_64 | 1.0 | 65.00 | NOTE | |||
r-release-windows-x86_64 | 1.0 | 54.00 | 97.00 | 151.00 | NOTE | |
r-oldrel-macos-arm64 | 1.0 | 54.00 | NOTE | |||
r-oldrel-macos-x86_64 | 1.0 | 84.00 | NOTE | |||
r-oldrel-windows-x86_64 | 1.0 | 65.00 | 113.00 | 178.00 | NOTE |
Version: 1.0
Check: C++ specification
Result: NOTE
Specified C++11: please drop specification unless essential
Flavors: r-devel-linux-x86_64-debian-clang, r-devel-linux-x86_64-debian-gcc, r-devel-linux-x86_64-fedora-clang, r-devel-linux-x86_64-fedora-gcc, r-devel-windows-x86_64, r-patched-linux-x86_64, r-release-linux-x86_64, r-release-macos-arm64, r-release-macos-x86_64, r-release-windows-x86_64, r-oldrel-macos-arm64, r-oldrel-macos-x86_64, r-oldrel-windows-x86_64