CRAN Package Check Results for Package infix

Last updated on 2025-05-20 18:50:48 CEST.

Flavor Version Tinstall Tcheck Ttotal Status Flags
r-devel-linux-x86_64-debian-clang 0.1.0 1.16 18.19 19.35 OK
r-devel-linux-x86_64-debian-gcc 0.1.0 1.34 15.04 16.38 OK
r-devel-linux-x86_64-fedora-clang 0.1.0 29.63 OK
r-devel-linux-x86_64-fedora-gcc 0.1.0 28.42 OK
r-devel-windows-x86_64 0.1.0 4.00 46.00 50.00 OK
r-patched-linux-x86_64 0.1.0 1.67 16.53 18.20 OK
r-release-linux-x86_64 0.1.0 1.58 16.60 18.18 OK
r-release-macos-arm64 0.1.0 15.00 OK
r-release-macos-x86_64 0.1.0 22.00 OK
r-release-windows-x86_64 0.1.0 3.00 50.00 53.00 OK
r-oldrel-macos-arm64 0.1.0 14.00 NOTE
r-oldrel-macos-x86_64 0.1.0 19.00 NOTE
r-oldrel-windows-x86_64 0.1.0 4.00 43.00 47.00 NOTE

Check Details

Version: 0.1.0
Check: LazyData
Result: NOTE 'LazyData' is specified without a 'data' directory Flavors: r-oldrel-macos-arm64, r-oldrel-macos-x86_64, r-oldrel-windows-x86_64

mirror server hosted at Truenetwork, Russian Federation.