Last updated on 2025-07-12 18:49:43 CEST.
Flavor | Version | Tinstall | Tcheck | Ttotal | Status | Flags |
---|---|---|---|---|---|---|
r-devel-linux-x86_64-debian-clang | 0.1.5 | 4.52 | 29.90 | 34.42 | NOTE | |
r-devel-linux-x86_64-debian-gcc | 0.1.5 | 3.54 | 22.93 | 26.47 | NOTE | |
r-devel-linux-x86_64-fedora-clang | 0.1.5 | 52.12 | OK | |||
r-devel-linux-x86_64-fedora-gcc | 0.1.5 | 46.60 | OK | |||
r-devel-windows-x86_64 | 0.1.5 | 11.00 | 52.00 | 63.00 | OK | |
r-patched-linux-x86_64 | 0.1.5 | 4.57 | 26.74 | 31.31 | OK | |
r-release-linux-x86_64 | 0.1.5 | 4.36 | 26.83 | 31.19 | OK | |
r-release-macos-arm64 | 0.1.5 | 23.00 | OK | |||
r-release-macos-x86_64 | 0.1.5 | 31.00 | OK | |||
r-release-windows-x86_64 | 0.1.5 | 11.00 | 52.00 | 63.00 | OK | |
r-oldrel-macos-arm64 | 0.1.5 | 21.00 | OK | |||
r-oldrel-macos-x86_64 | 0.1.5 | 28.00 | OK | |||
r-oldrel-windows-x86_64 | 0.1.5 | 12.00 | 57.00 | 69.00 | OK |
Version: 0.1.5
Check: CRAN incoming feasibility
Result: NOTE
Maintainer: ‘Aditya Khanna <khanna7.work@gmail.com>’
No Authors@R field in DESCRIPTION.
Please add one, modifying
Authors@R: c(person(given = "Simon",
family = "Jacobs",
role = "aut"),
person(given = "Aditya",
family = "Khanna",
role = c("aut", "cre"),
email = "khanna7.work@gmail.com"),
person(given = "Kamesh",
family = "Madduri",
role = "ctb"),
person(given = "David",
family = "Bader",
role = "ctb"))
as necessary.
Flavors: r-devel-linux-x86_64-debian-clang, r-devel-linux-x86_64-debian-gcc