Last updated on 2025-10-17 06:49:56 CEST.
Flavor | Version | Tinstall | Tcheck | Ttotal | Status | Flags |
---|---|---|---|---|---|---|
r-devel-linux-x86_64-debian-clang | 2.2.9 | 6.80 | 51.67 | 58.47 | NOTE | |
r-devel-linux-x86_64-debian-gcc | 2.2.9 | 3.71 | 38.98 | 42.69 | NOTE | |
r-devel-linux-x86_64-fedora-clang | 2.2.9 | 93.38 | OK | |||
r-devel-linux-x86_64-fedora-gcc | 2.2.9 | 106.29 | OK | |||
r-devel-windows-x86_64 | 2.2.9 | 7.00 | 70.00 | 77.00 | OK | |
r-patched-linux-x86_64 | 2.2.9 | 6.24 | 48.76 | 55.00 | OK | |
r-release-linux-x86_64 | 2.2.9 | 6.51 | 48.19 | 54.70 | OK | |
r-release-macos-arm64 | 2.2.9 | 33.00 | OK | |||
r-release-macos-x86_64 | 2.2.9 | 66.00 | OK | |||
r-release-windows-x86_64 | 2.2.9 | 10.00 | 70.00 | 80.00 | OK | |
r-oldrel-macos-arm64 | 2.2.9 | 34.00 | OK | |||
r-oldrel-macos-x86_64 | 2.2.9 | 51.00 | OK | |||
r-oldrel-windows-x86_64 | 2.2.9 | 11.00 | 85.00 | 96.00 | OK |
Version: 2.2.9
Check: CRAN incoming feasibility
Result: NOTE
Maintainer: ‘Adrian Salavaty <abbas.salavaty@gmail.com>’
No Authors@R field in DESCRIPTION.
Please add one, modifying
Authors@R: c(person(given = "Abbas",
family = "Salavaty",
role = c("aut", "cre"),
comment = "Adrian"),
person(given = "Mirana",
family = "Ramialison",
role = "ths"),
person(given = c("Peter", "D."),
family = "Currie",
role = "ths"),
person(given = "Adrian",
family = "Salavaty",
role = "cre",
email = "abbas.salavaty@gmail.com"))
as necessary.
Flavors: r-devel-linux-x86_64-debian-clang, r-devel-linux-x86_64-debian-gcc