CRAN Package Check Results for Package injectoR

Last updated on 2025-07-13 00:48:28 CEST.

Flavor Version Tinstall Tcheck Ttotal Status Flags
r-devel-linux-x86_64-debian-clang 0.2.4 1.78 19.26 21.04 NOTE
r-devel-linux-x86_64-debian-gcc 0.2.4 1.42 15.95 17.37 NOTE
r-devel-linux-x86_64-fedora-clang 0.2.4 31.71 OK
r-devel-linux-x86_64-fedora-gcc 0.2.4 29.46 OK
r-devel-windows-x86_64 0.2.4 2.00 41.00 43.00 OK
r-patched-linux-x86_64 0.2.4 1.86 17.64 19.50 OK
r-release-linux-x86_64 0.2.4 1.30 17.74 19.04 OK
r-release-macos-arm64 0.2.4 14.00 OK
r-release-macos-x86_64 0.2.4 23.00 OK
r-release-windows-x86_64 0.2.4 2.00 42.00 44.00 OK
r-oldrel-macos-arm64 0.2.4 15.00 OK
r-oldrel-macos-x86_64 0.2.4 23.00 OK
r-oldrel-windows-x86_64 0.2.4 2.00 43.00 45.00 OK

Check Details

Version: 0.2.4
Check: CRAN incoming feasibility
Result: NOTE Maintainer: ‘Lev Kuznetsov <levk@jimmy.harvard.edu>’ No Authors@R field in DESCRIPTION. Please add one, modifying Authors@R: person(given = "Lev", family = "Kuznetsov", role = c("aut", "cre"), email = "levk@jimmy.harvard.edu") as necessary. Flavors: r-devel-linux-x86_64-debian-clang, r-devel-linux-x86_64-debian-gcc

mirror server hosted at Truenetwork, Russian Federation.