Last updated on 2025-11-24 11:50:09 CET.
| Flavor | Version | Tinstall | Tcheck | Ttotal | Status | Flags |
|---|---|---|---|---|---|---|
| r-devel-linux-x86_64-debian-clang | 1.1-6 | 7.85 | 73.97 | 81.82 | NOTE | |
| r-devel-linux-x86_64-debian-gcc | 1.1-6 | 4.89 | 53.32 | 58.21 | NOTE | |
| r-devel-linux-x86_64-fedora-clang | 1.1-6 | 21.00 | 97.12 | 118.12 | OK | |
| r-devel-linux-x86_64-fedora-gcc | 1.1-6 | 16.00 | 91.36 | 107.36 | OK | |
| r-devel-windows-x86_64 | 1.1-6 | 14.00 | 79.00 | 93.00 | OK | |
| r-patched-linux-x86_64 | 1.1-6 | 7.04 | 68.94 | 75.98 | OK | |
| r-release-linux-x86_64 | 1.1-6 | 7.86 | 68.82 | 76.68 | OK | |
| r-release-macos-arm64 | 1.1-6 | OK | ||||
| r-release-macos-x86_64 | 1.1-6 | 4.00 | 56.00 | 60.00 | OK | |
| r-release-windows-x86_64 | 1.1-6 | 9.00 | 79.00 | 88.00 | OK | |
| r-oldrel-macos-arm64 | 1.1-6 | OK | ||||
| r-oldrel-macos-x86_64 | 1.1-6 | 4.00 | 46.00 | 50.00 | OK | |
| r-oldrel-windows-x86_64 | 1.1-6 | 11.00 | 100.00 | 111.00 | OK |
Version: 1.1-6
Check: CRAN incoming feasibility
Result: NOTE
Maintainer: ‘Boris Leroy <leroy.boris@gmail.com>’
No Authors@R field in DESCRIPTION.
Please add one, modifying
Authors@R: c(person(given = "Boris",
family = "Leroy",
role = c("cre", "aut"),
email = "leroy.boris@gmail.com"),
person(given = "Andrew",
family = "Kramer",
role = "aut"),
person(given = "Anne-Charlotte",
family = "Vaissière",
role = "ctb"),
person(given = "Christophe",
family = "Diagne",
role = "ctb"))
as necessary.
Flavors: r-devel-linux-x86_64-debian-clang, r-devel-linux-x86_64-debian-gcc