CRAN Package Check Results for Package invctr

Last updated on 2025-11-24 05:50:27 CET.

Flavor Version Tinstall Tcheck Ttotal Status Flags
r-devel-linux-x86_64-debian-clang 0.2.0 2.56 32.12 34.68 NOTE
r-devel-linux-x86_64-debian-gcc 0.2.0 1.94 25.68 27.62 NOTE
r-devel-linux-x86_64-fedora-clang 0.2.0 51.56 OK
r-devel-linux-x86_64-fedora-gcc 0.2.0 67.67 OK
r-devel-windows-x86_64 0.2.0 7.00 51.00 58.00 OK
r-patched-linux-x86_64 0.2.0 2.45 30.23 32.68 OK
r-release-linux-x86_64 0.2.0 2.56 29.98 32.54 OK
r-release-macos-arm64 0.2.0 OK
r-release-macos-x86_64 0.2.0 3.00 49.00 52.00 OK
r-release-windows-x86_64 0.2.0 5.00 51.00 56.00 OK
r-oldrel-macos-arm64 0.2.0 OK
r-oldrel-macos-x86_64 0.2.0 2.00 43.00 45.00 OK
r-oldrel-windows-x86_64 0.2.0 5.00 59.00 64.00 OK

Check Details

Version: 0.2.0
Check: CRAN incoming feasibility
Result: NOTE Maintainer: ‘Fred Hasselman <fred.hasselman@ru.nl>’ Package CITATION file contains call(s) to old-style citEntry(). Please use bibentry() instead. Flavors: r-devel-linux-x86_64-debian-clang, r-devel-linux-x86_64-debian-gcc

mirror server hosted at Truenetwork, Russian Federation.