CRAN Package Check Results for Package ipc

Last updated on 2025-07-13 00:48:29 CEST.

Flavor Version Tinstall Tcheck Ttotal Status Flags
r-devel-linux-x86_64-debian-clang 0.1.4 8.45 29.85 38.30 NOTE
r-devel-linux-x86_64-debian-gcc 0.1.4 5.16 23.84 29.00 NOTE
r-devel-linux-x86_64-fedora-clang 0.1.4 60.38 OK
r-devel-linux-x86_64-fedora-gcc 0.1.4 70.91 OK
r-devel-windows-x86_64 0.1.4 9.00 55.00 64.00 OK
r-patched-linux-x86_64 0.1.4 9.05 27.76 36.81 OK
r-release-linux-x86_64 0.1.4 7.42 28.28 35.70 OK
r-release-macos-arm64 0.1.4 44.00 OK
r-release-macos-x86_64 0.1.4 60.00 OK
r-release-windows-x86_64 0.1.4 10.00 58.00 68.00 OK
r-oldrel-macos-arm64 0.1.4 28.00 OK
r-oldrel-macos-x86_64 0.1.4 45.00 OK
r-oldrel-windows-x86_64 0.1.4 13.00 63.00 76.00 OK

Check Details

Version: 0.1.4
Check: CRAN incoming feasibility
Result: NOTE Maintainer: ‘Ian E. Fellows <ian@fellstat.com>’ No Authors@R field in DESCRIPTION. Please add one, modifying Authors@R: person(given = c("Ian", "E."), family = "Fellows", role = c("aut", "cre"), email = "ian@fellstat.com") as necessary. Flavors: r-devel-linux-x86_64-debian-clang, r-devel-linux-x86_64-debian-gcc

mirror server hosted at Truenetwork, Russian Federation.