CRAN Package Check Results for Package ipeaplot

Last updated on 2025-07-13 06:48:27 CEST.

Flavor Version Tinstall Tcheck Ttotal Status Flags
r-devel-linux-x86_64-debian-clang 0.4.1 5.90 63.84 69.74 OK
r-devel-linux-x86_64-debian-gcc 0.4.1 3.87 45.04 48.91 OK
r-devel-linux-x86_64-fedora-clang 0.4.1 106.46 OK
r-devel-linux-x86_64-fedora-gcc 0.4.1 114.80 OK
r-devel-windows-x86_64 0.4.1 8.00 94.00 102.00 OK
r-patched-linux-x86_64 0.4.1 5.32 59.73 65.05 OK
r-release-linux-x86_64 0.4.1 4.78 59.80 64.58 OK
r-release-macos-arm64 0.4.1 87.00 OK
r-release-macos-x86_64 0.4.1 96.00 OK
r-release-windows-x86_64 0.4.1 7.00 103.00 110.00 OK
r-oldrel-macos-arm64 0.4.1 70.00 OK
r-oldrel-macos-x86_64 0.4.1 101.00 OK
r-oldrel-windows-x86_64 0.4.1 10.00 170.00 180.00 ERROR

Check Details

Version: 0.4.1
Check: re-building of vignette outputs
Result: ERROR Error(s) in re-building vignettes: --- re-building 'cookbook.Rmd' using rmarkdown --- finished re-building 'cookbook.Rmd' --- re-building 'intro_ipeaplot.Rmd' using rmarkdown Quitting from intro_ipeaplot.Rmd:213-226 [unnamed-chunk-13] ~~~~~~~~~~~~~~~~~~~~~~~~~~~~~~~~~~~~~~~~~~~~~~~~~~~~~~~~~~~~~~~~~~~~~~~~~~~~~~~~ <error/rlang_error> Error in `UseMethod()`: ! no applicable method for 'left_join' applied to an object of class "NULL" --- Backtrace: ▆ 1. └─dplyr::left_join(mun, df_escola, by = "code_muni") ~~~~~~~~~~~~~~~~~~~~~~~~~~~~~~~~~~~~~~~~~~~~~~~~~~~~~~~~~~~~~~~~~~~~~~~~~~~~~~~~ Error: processing vignette 'intro_ipeaplot.Rmd' failed with diagnostics: no applicable method for 'left_join' applied to an object of class "NULL" --- failed re-building 'intro_ipeaplot.Rmd' SUMMARY: processing the following file failed: 'intro_ipeaplot.Rmd' Error: Vignette re-building failed. Execution halted Flavor: r-oldrel-windows-x86_64

mirror server hosted at Truenetwork, Russian Federation.