CRAN Package Check Results for Package ircor

Last updated on 2025-05-23 00:50:17 CEST.

Flavor Version Tinstall Tcheck Ttotal Status Flags
r-devel-linux-x86_64-debian-clang 1.0 1.49 18.49 19.98 OK
r-devel-linux-x86_64-debian-gcc 1.0 1.30 15.18 16.48 OK
r-devel-linux-x86_64-fedora-clang 1.0 32.50 OK
r-devel-linux-x86_64-fedora-gcc 1.0 31.53 OK
r-devel-windows-x86_64 1.0 2.00 73.00 75.00 OK
r-patched-linux-x86_64 1.0 1.88 17.92 19.80 OK
r-release-linux-x86_64 1.0 1.49 18.30 19.79 OK
r-release-macos-arm64 1.0 16.00 OK
r-release-macos-x86_64 1.0 24.00 OK
r-release-windows-x86_64 1.0 2.00 70.00 72.00 OK
r-oldrel-macos-arm64 1.0 14.00 NOTE
r-oldrel-macos-x86_64 1.0 20.00 NOTE
r-oldrel-windows-x86_64 1.0 3.00 43.00 46.00 NOTE

Check Details

Version: 1.0
Check: LazyData
Result: NOTE 'LazyData' is specified without a 'data' directory Flavors: r-oldrel-macos-arm64, r-oldrel-macos-x86_64, r-oldrel-windows-x86_64

mirror server hosted at Truenetwork, Russian Federation.