CRAN Package Check Results for Package irtpwr

Last updated on 2025-05-28 06:51:29 CEST.

Flavor Version Tinstall Tcheck Ttotal Status Flags
r-devel-linux-x86_64-debian-clang 1.0.3 3.84 226.69 230.53 NOTE
r-devel-linux-x86_64-debian-gcc 1.0.3 2.68 150.27 152.95 NOTE
r-devel-linux-x86_64-fedora-clang 1.0.3 377.73 NOTE
r-devel-linux-x86_64-fedora-gcc 1.0.3 362.67 NOTE
r-devel-windows-x86_64 1.0.3 5.00 272.00 277.00 NOTE
r-patched-linux-x86_64 1.0.3 3.11 214.53 217.64 NOTE
r-release-linux-x86_64 1.0.3 3.34 214.61 217.95 NOTE
r-release-macos-arm64 1.0.3 108.00 NOTE
r-release-macos-x86_64 1.0.3 226.00 NOTE
r-release-windows-x86_64 1.0.3 6.00 271.00 277.00 NOTE
r-oldrel-macos-arm64 1.0.3 106.00 OK
r-oldrel-macos-x86_64 1.0.3 177.00 OK
r-oldrel-windows-x86_64 1.0.3 6.00 330.00 336.00 OK

Check Details

Version: 1.0.3
Check: DESCRIPTION meta-information
Result: NOTE Missing dependency on R >= 4.1.0 because package code uses the pipe |> or function shorthand \(...) syntax added in R 4.1.0. File(s) using such syntax: ‘calc.pvalues.R’ ‘helper.R’ ‘hypothesis_templates.R’ ‘irtpwr.R’ ‘mml.fit.R’ ‘setup.data.R’ Flavors: r-devel-linux-x86_64-debian-clang, r-devel-linux-x86_64-debian-gcc, r-devel-linux-x86_64-fedora-clang, r-devel-linux-x86_64-fedora-gcc, r-devel-windows-x86_64, r-patched-linux-x86_64, r-release-linux-x86_64, r-release-macos-arm64, r-release-macos-x86_64, r-release-windows-x86_64

mirror server hosted at Truenetwork, Russian Federation.