Last updated on 2025-11-03 17:49:52 CET.
| Flavor | Version | Tinstall | Tcheck | Ttotal | Status | Flags |
|---|---|---|---|---|---|---|
| r-devel-linux-x86_64-debian-clang | 1.0.3 | 4.05 | 230.14 | 234.19 | NOTE | |
| r-devel-linux-x86_64-debian-gcc | 1.0.3 | 2.52 | 155.65 | 158.17 | NOTE | |
| r-devel-linux-x86_64-fedora-clang | 1.0.3 | 22.00 | 382.32 | 404.32 | NOTE | |
| r-devel-linux-x86_64-fedora-gcc | 1.0.3 | 376.07 | NOTE | |||
| r-devel-windows-x86_64 | 1.0.3 | 5.00 | 270.00 | 275.00 | NOTE | |
| r-patched-linux-x86_64 | 1.0.3 | 3.91 | 221.17 | 225.08 | NOTE | |
| r-release-linux-x86_64 | 1.0.3 | 3.75 | 219.41 | 223.16 | NOTE | |
| r-release-macos-arm64 | 1.0.3 | 2.00 | 106.00 | 108.00 | NOTE | |
| r-release-macos-x86_64 | 1.0.3 | 3.00 | 223.00 | 226.00 | NOTE | |
| r-release-windows-x86_64 | 1.0.3 | 6.00 | 274.00 | 280.00 | NOTE | |
| r-oldrel-macos-arm64 | 1.0.3 | 2.00 | 104.00 | 106.00 | OK | |
| r-oldrel-macos-x86_64 | 1.0.3 | 3.00 | 174.00 | 177.00 | OK | |
| r-oldrel-windows-x86_64 | 1.0.3 | 6.00 | 339.00 | 345.00 | OK |
Version: 1.0.3
Check: DESCRIPTION meta-information
Result: NOTE
Missing dependency on R >= 4.1.0 because package code uses the pipe
|> or function shorthand \(...) syntax added in R 4.1.0.
File(s) using such syntax:
‘calc.pvalues.R’ ‘helper.R’ ‘hypothesis_templates.R’ ‘irtpwr.R’
‘mml.fit.R’ ‘setup.data.R’
Flavors: r-devel-linux-x86_64-debian-clang, r-devel-linux-x86_64-debian-gcc, r-devel-linux-x86_64-fedora-clang, r-devel-linux-x86_64-fedora-gcc, r-devel-windows-x86_64, r-patched-linux-x86_64, r-release-linux-x86_64, r-release-macos-arm64, r-release-macos-x86_64, r-release-windows-x86_64