Last updated on 2025-11-24 11:50:09 CET.
| Flavor | Version | Tinstall | Tcheck | Ttotal | Status | Flags |
|---|---|---|---|---|---|---|
| r-devel-linux-x86_64-debian-clang | 3.0.1 | 2.03 | 49.06 | 51.09 | NOTE | |
| r-devel-linux-x86_64-debian-gcc | 3.0.1 | 1.71 | 40.09 | 41.80 | NOTE | |
| r-devel-linux-x86_64-fedora-clang | 3.0.1 | 71.91 | OK | |||
| r-devel-linux-x86_64-fedora-gcc | 3.0.1 | 67.53 | OK | |||
| r-devel-windows-x86_64 | 3.0.1 | 10.00 | 83.00 | 93.00 | OK | |
| r-patched-linux-x86_64 | 3.0.1 | 2.99 | 45.30 | 48.29 | OK | |
| r-release-linux-x86_64 | 3.0.1 | 1.76 | 45.13 | 46.89 | OK | |
| r-release-macos-arm64 | 3.0.1 | OK | ||||
| r-release-macos-x86_64 | 3.0.1 | 2.00 | 45.00 | 47.00 | OK | |
| r-release-windows-x86_64 | 3.0.1 | 3.00 | 104.00 | 107.00 | OK | |
| r-oldrel-macos-arm64 | 3.0.1 | OK | ||||
| r-oldrel-macos-x86_64 | 3.0.1 | 2.00 | 40.00 | 42.00 | OK | |
| r-oldrel-windows-x86_64 | 3.0.1 | 6.00 | 97.00 | 103.00 | OK |
Version: 3.0.1
Check: CRAN incoming feasibility
Result: NOTE
Maintainer: ‘Claus Ekstrom <ekstrom@sund.ku.dk>’
No Authors@R field in DESCRIPTION.
Please add one, modifying
Authors@R: c(person(given = c("Claus", "Thorn"),
family = "Ekstrøm",
role = "aut",
email = "ekstrom@sund.ku.dk"),
person(given = "Helle",
family = "Sørensen",
role = "aut",
email = "helle@math.ku.dk"),
person(given = "Claus",
family = "Ekstrom",
role = "cre",
email = "ekstrom@sund.ku.dk"))
as necessary.
Flavors: r-devel-linux-x86_64-debian-clang, r-devel-linux-x86_64-debian-gcc