CRAN Package Check Results for Package isoboost

Last updated on 2025-11-24 11:50:10 CET.

Flavor Version Tinstall Tcheck Ttotal Status Flags
r-devel-linux-x86_64-debian-clang 1.0.1 2.95 28.92 31.87 NOTE
r-devel-linux-x86_64-debian-gcc 1.0.1 2.48 22.11 24.59 NOTE
r-devel-linux-x86_64-fedora-clang 1.0.1 46.74 OK
r-devel-linux-x86_64-fedora-gcc 1.0.1 43.06 OK
r-devel-windows-x86_64 1.0.1 8.00 46.00 54.00 OK
r-patched-linux-x86_64 1.0.1 3.23 27.43 30.66 OK
r-release-linux-x86_64 1.0.1 3.13 27.20 30.33 OK
r-release-macos-arm64 1.0.1 OK
r-release-macos-x86_64 1.0.1 2.00 29.00 31.00 OK
r-release-windows-x86_64 1.0.1 6.00 54.00 60.00 OK
r-oldrel-macos-arm64 1.0.1 OK
r-oldrel-macos-x86_64 1.0.1 2.00 23.00 25.00 OK
r-oldrel-windows-x86_64 1.0.1 4.00 47.00 51.00 OK

Check Details

Version: 1.0.1
Check: CRAN incoming feasibility
Result: NOTE Maintainer: ‘David Conde <dconde@eio.uva.es>’ Package CITATION file contains call(s) to old-style personList() or as.personList(). Please use c() on person objects instead. Package CITATION file contains call(s) to old-style citEntry(). Please use bibentry() instead. Flavors: r-devel-linux-x86_64-debian-clang, r-devel-linux-x86_64-debian-gcc

mirror server hosted at Truenetwork, Russian Federation.