Last updated on 2025-02-22 11:51:29 CET.
Flavor | Version | Tinstall | Tcheck | Ttotal | Status | Flags |
---|---|---|---|---|---|---|
r-devel-linux-x86_64-debian-clang | 1.12.2 | 11.17 | 70.44 | 81.61 | NOTE | |
r-devel-linux-x86_64-debian-gcc | 1.12.2 | 6.93 | 49.99 | 56.92 | NOTE | |
r-devel-linux-x86_64-fedora-clang | 1.12.2 | 130.56 | NOTE | |||
r-devel-linux-x86_64-fedora-gcc | 1.12.2 | 116.39 | NOTE | |||
r-devel-macos-arm64 | 1.12.2 | 38.00 | OK | |||
r-devel-macos-x86_64 | 1.12.2 | 72.00 | NOTE | |||
r-devel-windows-x86_64 | 1.12.2 | 11.00 | 91.00 | 102.00 | NOTE | |
r-patched-linux-x86_64 | 1.12.2 | 9.54 | 64.29 | 73.83 | OK | |
r-release-linux-x86_64 | 1.12.2 | 9.48 | 63.93 | 73.41 | OK | |
r-release-macos-arm64 | 1.12.2 | 45.00 | OK | |||
r-release-macos-x86_64 | 1.12.2 | 114.00 | OK | |||
r-release-windows-x86_64 | 1.12.2 | 10.00 | 88.00 | 98.00 | OK | |
r-oldrel-macos-arm64 | 1.12.2 | 46.00 | OK | |||
r-oldrel-macos-x86_64 | 1.12.2 | 121.00 | OK | |||
r-oldrel-windows-x86_64 | 1.12.2 | 14.00 | 106.00 | 120.00 | OK |
Version: 1.12.2
Check: DESCRIPTION meta-information
Result: NOTE
Missing dependency on R >= 4.1.0 because package code uses the pipe
|> or function shorthand \(...) syntax added in R 4.1.0.
File(s) using such syntax:
‘itrax_munsell.R’
Flavors: r-devel-linux-x86_64-debian-clang, r-devel-linux-x86_64-debian-gcc, r-devel-linux-x86_64-fedora-clang, r-devel-linux-x86_64-fedora-gcc, r-devel-macos-x86_64, r-devel-windows-x86_64