CRAN Package Check Results for Package jjb

Last updated on 2025-05-28 12:49:36 CEST.

Flavor Version Tinstall Tcheck Ttotal Status Flags
r-devel-linux-x86_64-debian-clang 0.1.1 1.66 20.69 22.35 NOTE
r-devel-linux-x86_64-debian-gcc 0.1.1 1.63 16.19 17.82 NOTE
r-devel-linux-x86_64-fedora-clang 0.1.1 35.69 OK
r-devel-linux-x86_64-fedora-gcc 0.1.1 32.70 OK
r-devel-windows-x86_64 0.1.1 3.00 44.00 47.00 OK
r-patched-linux-x86_64 0.1.1 1.99 19.91 21.90 OK
r-release-linux-x86_64 0.1.1 2.11 20.39 22.50 OK
r-release-macos-arm64 0.1.1 15.00 OK
r-release-macos-x86_64 0.1.1 25.00 OK
r-release-windows-x86_64 0.1.1 4.00 49.00 53.00 OK
r-oldrel-macos-arm64 0.1.1 15.00 OK
r-oldrel-macos-x86_64 0.1.1 20.00 OK
r-oldrel-windows-x86_64 0.1.1 4.00 42.00 46.00 OK

Check Details

Version: 0.1.1
Check: CRAN incoming feasibility
Result: NOTE Maintainer: ‘James Balamuta <balamut2@illinois.edu>’ Package CITATION file contains call(s) to old-style citEntry(). Please use bibentry() instead. Flavors: r-devel-linux-x86_64-debian-clang, r-devel-linux-x86_64-debian-gcc

mirror server hosted at Truenetwork, Russian Federation.