Last updated on 2024-06-29 12:48:19 CEST.
Flavor | Version | Tinstall | Tcheck | Ttotal | Status | Flags |
---|---|---|---|---|---|---|
r-devel-linux-x86_64-debian-clang | 0.0.2 | 10.72 | 87.00 | 97.72 | NOTE | |
r-devel-linux-x86_64-debian-gcc | 0.0.2 | 8.07 | 64.28 | 72.35 | NOTE | |
r-devel-linux-x86_64-fedora-clang | 0.0.2 | 117.89 | NOTE | |||
r-devel-linux-x86_64-fedora-gcc | 0.0.2 | 115.13 | NOTE | |||
r-devel-windows-x86_64 | 0.0.2 | 9.00 | 76.00 | 85.00 | NOTE | |
r-patched-linux-x86_64 | 0.0.2 | 8.54 | 80.85 | 89.39 | NOTE | |
r-release-linux-x86_64 | 0.0.2 | 10.30 | 84.51 | 94.81 | NOTE | |
r-release-macos-arm64 | 0.0.2 | 36.00 | NOTE | |||
r-release-macos-x86_64 | 0.0.2 | 65.00 | NOTE | |||
r-release-windows-x86_64 | 0.0.2 | 8.00 | 77.00 | 85.00 | NOTE | |
r-oldrel-macos-arm64 | 0.0.2 | 42.00 | OK | |||
r-oldrel-macos-x86_64 | 0.0.2 | 61.00 | OK | |||
r-oldrel-windows-x86_64 | 0.0.2 | 11.00 | 94.00 | 105.00 | OK |
Version: 0.0.2
Check: Rd files
Result: NOTE
checkRd: (-1) data_timeinv.Rd:14: Lost braces; missing escapes or markup?
14 | \item{X5}{categorical covariate taking values from {1, 2, 3, 4, 5}; time-invariant}
| ^
checkRd: (-1) data_timeinv.Rd:18: Lost braces; missing escapes or markup?
18 | \item{g}{true latent class identifier {1, 2, 3, 4}, which is determined by
| ^
checkRd: (-1) data_timevar.Rd:15: Lost braces; missing escapes or markup?
15 | \item{X5}{categorical covariate taking values from {1, 2, 3, 4, 5}; time-varying}
| ^
checkRd: (-1) data_timevar.Rd:20: Lost braces; missing escapes or markup?
20 | \item{g}{true latent class identifier {1, 2, 3, 4}, which is determined by
| ^
Flavors: r-devel-linux-x86_64-debian-clang, r-devel-linux-x86_64-debian-gcc, r-devel-linux-x86_64-fedora-clang, r-devel-linux-x86_64-fedora-gcc, r-devel-windows-x86_64, r-patched-linux-x86_64, r-release-linux-x86_64, r-release-macos-arm64, r-release-macos-x86_64, r-release-windows-x86_64