Last updated on 2025-05-25 06:51:10 CEST.
Flavor | Version | Tinstall | Tcheck | Ttotal | Status | Flags |
---|---|---|---|---|---|---|
r-devel-linux-x86_64-debian-clang | 2.5.6 | 86.13 | 148.82 | 234.95 | OK | |
r-devel-linux-x86_64-debian-gcc | 2.5.6 | 59.97 | 103.01 | 162.98 | OK | |
r-devel-linux-x86_64-fedora-clang | 2.5.6 | 426.69 | NOTE | |||
r-devel-linux-x86_64-fedora-gcc | 2.5.6 | 356.55 | NOTE | |||
r-devel-windows-x86_64 | 2.5.6 | 85.00 | 149.00 | 234.00 | OK | |
r-patched-linux-x86_64 | 2.5.6 | 84.30 | 135.51 | 219.81 | OK | |
r-release-linux-x86_64 | 2.5.6 | 86.68 | 136.84 | 223.52 | OK | |
r-release-macos-arm64 | 2.5.6 | 95.00 | OK | |||
r-release-macos-x86_64 | 2.5.6 | 224.00 | OK | |||
r-release-windows-x86_64 | 2.5.6 | 85.00 | 148.00 | 233.00 | OK | |
r-oldrel-macos-arm64 | 2.5.6 | 56.00 | NOTE | |||
r-oldrel-macos-x86_64 | 2.5.6 | 113.00 | NOTE | |||
r-oldrel-windows-x86_64 | 2.5.6 | 118.00 | 191.00 | 309.00 | NOTE |
Version: 2.5.6
Check: dependencies in R code
Result: NOTE
Namespaces in Imports field not imported from:
‘BayesFactor’ ‘GGally’ ‘GPArotation’ ‘MASS’ ‘PMCMR’ ‘R6’ ‘ROCR’
‘afex’ ‘car’ ‘dplyr’ ‘emmeans’ ‘ggrepel’ ‘ggridges’ ‘lavaan’
‘multcomp’ ‘mvnormtest’ ‘nnet’ ‘psych’ ‘vcd’ ‘vcdExtra’
All declared Imports should be used.
Flavors: r-devel-linux-x86_64-fedora-clang, r-devel-linux-x86_64-fedora-gcc
Version: 2.5.6
Check: installed package size
Result: NOTE
installed size is 11.0Mb
sub-directories of 1Mb or more:
R 4.0Mb
i18n 6.7Mb
Flavors: r-oldrel-macos-arm64, r-oldrel-macos-x86_64, r-oldrel-windows-x86_64