Last updated on 2024-06-30 06:55:37 CEST.
Flavor | Version | Tinstall | Tcheck | Ttotal | Status | Flags |
---|---|---|---|---|---|---|
r-devel-linux-x86_64-debian-clang | 1.0.1 | 8.51 | 79.58 | 88.09 | NOTE | |
r-devel-linux-x86_64-debian-gcc | 1.0.1 | 6.45 | 57.77 | 64.22 | NOTE | |
r-devel-linux-x86_64-fedora-clang | 1.0.1 | 108.45 | NOTE | |||
r-devel-linux-x86_64-fedora-gcc | 1.0.1 | 114.79 | NOTE | |||
r-devel-windows-x86_64 | 1.0.1 | 8.00 | 69.00 | 77.00 | NOTE | |
r-patched-linux-x86_64 | 1.0.1 | 8.15 | 74.12 | 82.27 | NOTE | |
r-release-linux-x86_64 | 1.0.1 | 7.50 | 73.69 | 81.19 | NOTE | |
r-release-macos-arm64 | 1.0.1 | 37.00 | NOTE | |||
r-release-macos-x86_64 | 1.0.1 | 56.00 | NOTE | |||
r-release-windows-x86_64 | 1.0.1 | 8.00 | 70.00 | 78.00 | NOTE | |
r-oldrel-macos-arm64 | 1.0.1 | 34.00 | NOTE | |||
r-oldrel-macos-x86_64 | 1.0.1 | 61.00 | NOTE | |||
r-oldrel-windows-x86_64 | 1.0.1 | 9.00 | 80.00 | 89.00 | NOTE |
Version: 1.0.1
Check: LazyData
Result: NOTE
'LazyData' is specified without a 'data' directory
Flavors: r-devel-linux-x86_64-debian-clang, r-devel-linux-x86_64-debian-gcc, r-devel-linux-x86_64-fedora-clang, r-devel-linux-x86_64-fedora-gcc, r-devel-windows-x86_64, r-patched-linux-x86_64, r-release-linux-x86_64, r-release-macos-arm64, r-release-macos-x86_64, r-release-windows-x86_64, r-oldrel-macos-arm64, r-oldrel-macos-x86_64, r-oldrel-windows-x86_64