Last updated on 2024-06-26 18:58:42 CEST.
Flavor | Version | Tinstall | Tcheck | Ttotal | Status | Flags |
---|---|---|---|---|---|---|
r-devel-linux-x86_64-debian-clang | 0.8.4 | NOTE | ||||
r-devel-linux-x86_64-debian-gcc | 0.8.4 | 57.13 | 40.57 | 97.70 | NOTE | |
r-devel-linux-x86_64-fedora-clang | 0.8.4 | 198.22 | NOTE | |||
r-devel-linux-x86_64-fedora-gcc | 0.8.4 | 208.72 | NOTE | |||
r-devel-windows-x86_64 | 0.8.4 | 65.00 | 88.00 | 153.00 | NOTE | |
r-patched-linux-x86_64 | 0.8.4 | 76.90 | 50.35 | 127.25 | NOTE | |
r-release-linux-x86_64 | 0.8.4 | 72.53 | 52.24 | 124.77 | NOTE | |
r-release-macos-arm64 | 0.8.4 | 48.00 | NOTE | |||
r-release-macos-x86_64 | 0.8.4 | 80.00 | NOTE | |||
r-release-windows-x86_64 | 0.8.4 | 67.00 | 90.00 | 157.00 | NOTE | |
r-oldrel-macos-arm64 | 0.8.4 | 54.00 | NOTE | |||
r-oldrel-macos-x86_64 | 0.8.4 | 81.00 | NOTE | |||
r-oldrel-windows-x86_64 | 0.8.4 | 80.00 | 98.00 | 178.00 | NOTE |
Version: 0.8.4
Check: C++ specification
Result: NOTE
Specified C++11: please drop specification unless essential
Flavors: r-devel-linux-x86_64-debian-clang, r-devel-linux-x86_64-debian-gcc, r-devel-linux-x86_64-fedora-clang, r-devel-linux-x86_64-fedora-gcc, r-devel-windows-x86_64, r-patched-linux-x86_64, r-release-linux-x86_64, r-release-macos-arm64, r-release-macos-x86_64, r-release-windows-x86_64, r-oldrel-macos-arm64, r-oldrel-macos-x86_64, r-oldrel-windows-x86_64