Last updated on 2025-05-28 12:49:36 CEST.
Flavor | Version | Tinstall | Tcheck | Ttotal | Status | Flags |
---|---|---|---|---|---|---|
r-devel-linux-x86_64-debian-clang | 0.4.0 | 4.91 | 52.69 | 57.60 | NOTE | |
r-devel-linux-x86_64-debian-gcc | 0.4.0 | 3.32 | 37.41 | 40.73 | NOTE | |
r-devel-linux-x86_64-fedora-clang | 0.4.0 | 88.19 | NOTE | |||
r-devel-linux-x86_64-fedora-gcc | 0.4.0 | 86.34 | NOTE | |||
r-devel-windows-x86_64 | 0.4.0 | 8.00 | 66.00 | 74.00 | NOTE | |
r-patched-linux-x86_64 | 0.4.0 | 5.09 | 48.53 | 53.62 | NOTE | |
r-release-linux-x86_64 | 0.4.0 | 3.48 | 48.90 | 52.38 | NOTE | |
r-release-macos-arm64 | 0.4.0 | 28.00 | NOTE | |||
r-release-macos-x86_64 | 0.4.0 | 53.00 | NOTE | |||
r-release-windows-x86_64 | 0.4.0 | 7.00 | 68.00 | 75.00 | NOTE | |
r-oldrel-macos-arm64 | 0.4.0 | 31.00 | OK | |||
r-oldrel-macos-x86_64 | 0.4.0 | 56.00 | OK | |||
r-oldrel-windows-x86_64 | 0.4.0 | 8.00 | 82.00 | 90.00 | OK |
Version: 0.4.0
Check: DESCRIPTION meta-information
Result: NOTE
Missing dependency on R >= 4.1.0 because package code uses the pipe
|> or function shorthand \(...) syntax added in R 4.1.0.
File(s) using such syntax:
‘kappa_inference.R’
Flavors: r-devel-linux-x86_64-debian-clang, r-devel-linux-x86_64-debian-gcc, r-devel-linux-x86_64-fedora-clang, r-devel-linux-x86_64-fedora-gcc, r-devel-windows-x86_64, r-patched-linux-x86_64, r-release-linux-x86_64, r-release-macos-arm64, r-release-macos-x86_64, r-release-windows-x86_64