CRAN Package Check Results for Package kazaam

Last updated on 2025-11-24 11:50:10 CET.

Flavor Version Tinstall Tcheck Ttotal Status Flags
r-devel-linux-x86_64-debian-clang 0.1-0 5.86 55.94 61.80 NOTE
r-devel-linux-x86_64-debian-gcc 0.1-0 5.57 44.57 50.14 NOTE
r-devel-linux-x86_64-fedora-clang 0.1-0 22.00 69.78 91.78 OK
r-devel-linux-x86_64-fedora-gcc 0.1-0 20.00 79.29 99.29 OK
r-devel-windows-x86_64 0.1-0 10.00 81.00 91.00 OK
r-patched-linux-x86_64 0.1-0 7.50 51.72 59.22 OK
r-release-linux-x86_64 0.1-0 6.49 51.47 57.96 OK
r-release-macos-arm64 0.1-0 4.00 ERROR
r-release-macos-x86_64 0.1-0 18.00 ERROR
r-release-windows-x86_64 0.1-0 11.00 82.00 93.00 OK
r-oldrel-macos-arm64 0.1-0 9.00 ERROR
r-oldrel-macos-x86_64 0.1-0 16.00 ERROR
r-oldrel-windows-x86_64 0.1-0 10.00 92.00 102.00 OK

Check Details

Version: 0.1-0
Check: CRAN incoming feasibility
Result: NOTE Maintainer: ‘Drew Schmidt <wrathematics@gmail.com>’ Package CITATION file contains call(s) to old-style personList() or as.personList(). Please use c() on person objects instead. Package CITATION file contains call(s) to old-style citEntry(). Please use bibentry() instead. Flavors: r-devel-linux-x86_64-debian-clang, r-devel-linux-x86_64-debian-gcc

Version: 0.1-0
Check: package dependencies
Result: ERROR Package required but not available: ‘pbdMPI’ See section ‘The DESCRIPTION file’ in the ‘Writing R Extensions’ manual. Flavors: r-release-macos-arm64, r-release-macos-x86_64, r-oldrel-macos-arm64, r-oldrel-macos-x86_64

mirror server hosted at Truenetwork, Russian Federation.