CRAN Package Check Results for Package kazaam

Last updated on 2025-05-28 12:49:36 CEST.

Flavor Version Tinstall Tcheck Ttotal Status Flags
r-devel-linux-x86_64-debian-clang 0.1-0 8.15 52.07 60.22 NOTE
r-devel-linux-x86_64-debian-gcc 0.1-0 5.87 42.29 48.16 NOTE
r-devel-linux-x86_64-fedora-clang 0.1-0 93.45 OK
r-devel-linux-x86_64-fedora-gcc 0.1-0 106.10 OK
r-devel-windows-x86_64 0.1-0 10.00 84.00 94.00 OK
r-patched-linux-x86_64 0.1-0 8.19 48.38 56.57 OK
r-release-linux-x86_64 0.1-0 7.38 48.99 56.37 OK
r-release-macos-arm64 0.1-0 5.00 ERROR
r-release-macos-x86_64 0.1-0 7.00 ERROR
r-release-windows-x86_64 0.1-0 10.00 83.00 93.00 OK
r-oldrel-macos-arm64 0.1-0 10.00 ERROR
r-oldrel-macos-x86_64 0.1-0 11.00 ERROR
r-oldrel-windows-x86_64 0.1-0 12.00 91.00 103.00 OK

Check Details

Version: 0.1-0
Check: CRAN incoming feasibility
Result: NOTE Maintainer: ‘Drew Schmidt <wrathematics@gmail.com>’ Package CITATION file contains call(s) to old-style personList() or as.personList(). Please use c() on person objects instead. Package CITATION file contains call(s) to old-style citEntry(). Please use bibentry() instead. Flavors: r-devel-linux-x86_64-debian-clang, r-devel-linux-x86_64-debian-gcc

Version: 0.1-0
Check: package dependencies
Result: ERROR Package required but not available: ‘pbdMPI’ See section ‘The DESCRIPTION file’ in the ‘Writing R Extensions’ manual. Flavors: r-release-macos-arm64, r-release-macos-x86_64, r-oldrel-macos-arm64, r-oldrel-macos-x86_64

mirror server hosted at Truenetwork, Russian Federation.