CRAN Package Check Results for Package kpodclustr

Last updated on 2025-11-25 23:50:33 CET.

Flavor Version Tinstall Tcheck Ttotal Status Flags
r-devel-linux-x86_64-debian-clang 1.1 1.26 19.44 20.70 NOTE
r-devel-linux-x86_64-debian-gcc 1.1 1.27 15.66 16.93 NOTE
r-devel-linux-x86_64-fedora-clang 1.1 29.38 OK
r-devel-linux-x86_64-fedora-gcc 1.1 28.72 OK
r-devel-windows-x86_64 1.1 3.00 34.00 37.00 OK
r-patched-linux-x86_64 1.1 1.62 17.97 19.59 OK
r-release-linux-x86_64 1.1 1.55 18.00 19.55 OK
r-release-macos-arm64 1.1 OK
r-release-macos-x86_64 1.1 2.00 19.00 21.00 OK
r-release-windows-x86_64 1.1 2.00 34.00 36.00 OK
r-oldrel-macos-arm64 1.1 NOTE
r-oldrel-macos-x86_64 1.1 1.00 19.00 20.00 NOTE
r-oldrel-windows-x86_64 1.1 2.00 36.00 38.00 NOTE

Check Details

Version: 1.1
Check: CRAN incoming feasibility
Result: NOTE Maintainer: ‘Jocelyn T. Chi <jtchi@ncsu.edu>’ Package CITATION file contains call(s) to old-style personList() or as.personList(). Please use c() on person objects instead. Package CITATION file contains call(s) to old-style citEntry(). Please use bibentry() instead. Flavors: r-devel-linux-x86_64-debian-clang, r-devel-linux-x86_64-debian-gcc

Version: 1.1
Check: LazyData
Result: NOTE 'LazyData' is specified without a 'data' directory Flavors: r-oldrel-macos-arm64, r-oldrel-macos-x86_64, r-oldrel-windows-x86_64

mirror server hosted at Truenetwork, Russian Federation.