Last updated on 2025-05-11 12:50:22 CEST.
Flavor | Version | Tinstall | Tcheck | Ttotal | Status | Flags |
---|---|---|---|---|---|---|
r-devel-linux-x86_64-debian-clang | 1.1 | 1.59 | 17.39 | 18.98 | NOTE | |
r-devel-linux-x86_64-debian-gcc | 1.1 | 1.42 | 13.72 | 15.14 | NOTE | |
r-devel-linux-x86_64-fedora-clang | 1.1 | 29.74 | OK | |||
r-devel-linux-x86_64-fedora-gcc | 1.1 | 28.83 | OK | |||
r-devel-windows-x86_64 | 1.1 | 3.00 | 36.00 | 39.00 | OK | |
r-patched-linux-x86_64 | 1.1 | 1.47 | 16.72 | 18.19 | OK | |
r-release-linux-x86_64 | 1.1 | 1.44 | 16.73 | 18.17 | OK | |
r-release-macos-arm64 | 1.1 | 17.00 | OK | |||
r-release-macos-x86_64 | 1.1 | 21.00 | OK | |||
r-release-windows-x86_64 | 1.1 | 4.00 | 39.00 | 43.00 | OK | |
r-oldrel-macos-arm64 | 1.1 | 14.00 | NOTE | |||
r-oldrel-macos-x86_64 | 1.1 | 20.00 | NOTE | |||
r-oldrel-windows-x86_64 | 1.1 | 2.00 | 36.00 | 38.00 | NOTE |
Version: 1.1
Check: CRAN incoming feasibility
Result: NOTE
Maintainer: ‘Jocelyn T. Chi <jtchi@ncsu.edu>’
Package CITATION file contains call(s) to old-style personList() or
as.personList(). Please use c() on person objects instead.
Package CITATION file contains call(s) to old-style citEntry(). Please
use bibentry() instead.
Flavors: r-devel-linux-x86_64-debian-clang, r-devel-linux-x86_64-debian-gcc
Version: 1.1
Check: LazyData
Result: NOTE
'LazyData' is specified without a 'data' directory
Flavors: r-oldrel-macos-arm64, r-oldrel-macos-x86_64, r-oldrel-windows-x86_64