CRAN Package Check Results for Package kriging

Last updated on 2025-05-25 00:50:06 CEST.

Flavor Version Tinstall Tcheck Ttotal Status Flags
r-devel-linux-x86_64-debian-clang 1.2 2.36 18.89 21.25 NOTE
r-devel-linux-x86_64-debian-gcc 1.2 1.84 15.31 17.15 NOTE
r-devel-linux-x86_64-fedora-clang 1.2 33.04 NOTE
r-devel-linux-x86_64-fedora-gcc 1.2 32.07 NOTE
r-devel-windows-x86_64 1.2 6.00 72.00 78.00 OK
r-patched-linux-x86_64 1.2 2.48 17.78 20.26 OK
r-release-linux-x86_64 1.2 2.11 17.82 19.93 OK
r-release-macos-arm64 1.2 19.00 OK
r-release-macos-x86_64 1.2 26.00 OK
r-release-windows-x86_64 1.2 5.00 43.00 48.00 OK
r-oldrel-macos-arm64 1.2 18.00 OK
r-oldrel-macos-x86_64 1.2 22.00 OK
r-oldrel-windows-x86_64 1.2 6.00 44.00 50.00 OK

Check Details

Version: 1.2
Check: CRAN incoming feasibility
Result: NOTE Maintainer: ‘Omar E. Olmedo <omareolmedo@gmail.com>’ No Authors@R field in DESCRIPTION. Please add one, modifying Authors@R: person(given = c("Omar", "E."), family = "Olmedo", role = c("aut", "cre"), email = "omareolmedo@gmail.com") as necessary. Flavors: r-devel-linux-x86_64-debian-clang, r-devel-linux-x86_64-debian-gcc

Version: 1.2
Check: compiled code
Result: NOTE File ‘kriging/libs/kriging.so’: Found no calls to: ‘R_registerRoutines’, ‘R_useDynamicSymbols’ It is good practice to register native routines and to disable symbol search. See ‘Writing portable packages’ in the ‘Writing R Extensions’ manual. Flavors: r-devel-linux-x86_64-fedora-clang, r-devel-linux-x86_64-fedora-gcc

mirror server hosted at Truenetwork, Russian Federation.