CRAN Package Check Results for Package kselection

Last updated on 2025-11-24 11:50:10 CET.

Flavor Version Tinstall Tcheck Ttotal Status Flags
r-devel-linux-x86_64-debian-clang 0.2.1 1.51 22.43 23.94 NOTE
r-devel-linux-x86_64-debian-gcc 0.2.1 1.35 17.37 18.72 NOTE
r-devel-linux-x86_64-fedora-clang 0.2.1 33.81 OK
r-devel-linux-x86_64-fedora-gcc 0.2.1 32.81 OK
r-devel-windows-x86_64 0.2.1 5.00 41.00 46.00 OK
r-patched-linux-x86_64 0.2.1 1.77 20.27 22.04 OK
r-release-linux-x86_64 0.2.1 1.47 21.15 22.62 OK
r-release-macos-arm64 0.2.1 OK
r-release-macos-x86_64 0.2.1 2.00 22.00 24.00 OK
r-release-windows-x86_64 0.2.1 2.00 41.00 43.00 OK
r-oldrel-macos-arm64 0.2.1 OK
r-oldrel-macos-x86_64 0.2.1 1.00 23.00 24.00 OK
r-oldrel-windows-x86_64 0.2.1 4.00 46.00 50.00 OK

Check Details

Version: 0.2.1
Check: CRAN incoming feasibility
Result: NOTE Maintainer: ‘Daniel Rodriguez <daniel.rodriguez.perez@gmail.com>’ No Authors@R field in DESCRIPTION. Please add one, modifying Authors@R: person(given = "Daniel", family = "Rodriguez", role = c("aut", "cre"), email = "daniel.rodriguez.perez@gmail.com") as necessary. Flavors: r-devel-linux-x86_64-debian-clang, r-devel-linux-x86_64-debian-gcc

mirror server hosted at Truenetwork, Russian Federation.