Last updated on 2025-11-24 11:50:10 CET.
| Flavor | Version | Tinstall | Tcheck | Ttotal | Status | Flags |
|---|---|---|---|---|---|---|
| r-devel-linux-x86_64-debian-clang | 1.5-9 | 12.84 | 69.42 | 82.26 | NOTE | --no-vignettes |
| r-devel-linux-x86_64-debian-gcc | 1.5-9 | 11.06 | 51.18 | 62.24 | NOTE | --no-vignettes |
| r-devel-linux-x86_64-fedora-clang | 1.5-9 | 80.00 | 59.17 | 139.17 | OK | --no-vignettes |
| r-devel-linux-x86_64-fedora-gcc | 1.5-9 | 33.00 | 96.24 | 129.24 | OK | --no-vignettes |
| r-devel-windows-x86_64 | 1.5-9 | 25.00 | 117.00 | 142.00 | OK | --no-vignettes |
| r-patched-linux-x86_64 | 1.5-9 | 14.12 | 68.21 | 82.33 | OK | --no-vignettes |
| r-release-linux-x86_64 | 1.5-9 | 14.31 | 67.49 | 81.80 | OK | --no-vignettes |
| r-release-macos-arm64 | 1.5-9 | OK | --no-vignettes | |||
| r-release-macos-x86_64 | 1.5-9 | 16.00 | 74.00 | 90.00 | OK | --no-vignettes |
| r-release-windows-x86_64 | 1.5-9 | 24.00 | 120.00 | 144.00 | OK | --no-vignettes |
| r-oldrel-macos-arm64 | 1.5-9 | OK | --no-vignettes | |||
| r-oldrel-macos-x86_64 | 1.5-9 | 11.00 | 49.00 | 60.00 | OK | --no-vignettes |
| r-oldrel-windows-x86_64 | 1.5-9 | 30.00 | 124.00 | 154.00 | OK | --no-vignettes |
Version: 1.5-9
Flags: --no-vignettes
Check: CRAN incoming feasibility
Result: NOTE
Maintainer: ‘Robert B. Gramacy <rbg@vt.edu>’
No Authors@R field in DESCRIPTION.
Please add one, modifying
Authors@R: c(person(given = c("Robert", "B."),
family = "Gramacy",
role = c("aut", "cre"),
email = "rbg@vt.edu"),
person(given = "Furong",
family = "Sun",
role = "aut",
email = "furongs@vt.edu"))
as necessary.
Flavors: r-devel-linux-x86_64-debian-clang, r-devel-linux-x86_64-debian-gcc