Last updated on 2025-11-03 11:49:45 CET.
| Flavor | Version | Tinstall | Tcheck | Ttotal | Status | Flags |
|---|---|---|---|---|---|---|
| r-devel-linux-x86_64-debian-clang | 2.1-2 | 12.78 | 89.29 | 102.07 | NOTE | |
| r-devel-linux-x86_64-debian-gcc | 2.1-2 | 8.87 | 66.81 | 75.68 | NOTE | |
| r-devel-linux-x86_64-fedora-clang | 2.1-2 | 48.00 | 115.57 | 163.57 | NOTE | |
| r-devel-linux-x86_64-fedora-gcc | 2.1-2 | 24.00 | 122.15 | 146.15 | NOTE | |
| r-devel-windows-x86_64 | 2.1-2 | 18.00 | 109.00 | 127.00 | OK | |
| r-patched-linux-x86_64 | 2.1-2 | 13.28 | 86.15 | 99.43 | NOTE | |
| r-release-linux-x86_64 | 2.1-2 | 11.38 | 85.38 | 96.76 | NOTE | |
| r-release-macos-arm64 | 2.1-2 | 9.00 | 40.00 | 49.00 | NOTE | |
| r-release-macos-x86_64 | 2.1-2 | 28.00 | 85.00 | 113.00 | NOTE | |
| r-release-windows-x86_64 | 2.1-2 | 18.00 | 106.00 | 124.00 | OK | |
| r-oldrel-macos-arm64 | 2.1-2 | 6.00 | 39.00 | 45.00 | OK | |
| r-oldrel-macos-x86_64 | 2.1-2 | 31.00 | 92.00 | 123.00 | OK | |
| r-oldrel-windows-x86_64 | 2.1-2 | 23.00 | 132.00 | 155.00 | OK |
Version: 2.1-2
Check: Rd cross-references
Result: NOTE
Unknown package ‘optpart’ in Rd xrefs
Flavors: r-devel-linux-x86_64-debian-clang, r-devel-linux-x86_64-debian-gcc, r-devel-linux-x86_64-fedora-gcc, r-patched-linux-x86_64, r-release-linux-x86_64, r-release-macos-arm64, r-release-macos-x86_64
Version: 2.1-2
Check: Rd cross-references
Result: NOTE
Undeclared package ‘optpart’ in Rd xrefs
Unknown package ‘optpart’ in Rd xrefs
Flavor: r-devel-linux-x86_64-fedora-clang
Version: 2.1-2
Check: compiled code
Result: NOTE
File ‘labdsv/libs/labdsv.so’:
Found no calls to: ‘R_registerRoutines’, ‘R_useDynamicSymbols’
It is good practice to register native routines and to disable symbol
search.
See ‘Writing portable packages’ in the ‘Writing R Extensions’ manual.
Flavors: r-devel-linux-x86_64-fedora-clang, r-devel-linux-x86_64-fedora-gcc