CRAN Package Check Results for Package languageserversetup

Last updated on 2025-07-13 00:48:30 CEST.

Flavor Version Tinstall Tcheck Ttotal Status Flags
r-devel-linux-x86_64-debian-clang 0.1.2 1.91 21.20 23.11 OK
r-devel-linux-x86_64-debian-gcc 0.1.2 1.47 18.70 20.17 OK
r-devel-linux-x86_64-fedora-clang 0.1.2 33.68 OK
r-devel-linux-x86_64-fedora-gcc 0.1.2 31.97 OK
r-devel-windows-x86_64 0.1.2 3.00 46.00 49.00 OK
r-patched-linux-x86_64 0.1.2 1.76 18.89 20.65 OK
r-release-linux-x86_64 0.1.2 1.77 18.95 20.72 OK
r-release-macos-arm64 0.1.2 17.00 OK
r-release-macos-x86_64 0.1.2 25.00 OK
r-release-windows-x86_64 0.1.2 3.00 52.00 55.00 OK
r-oldrel-macos-arm64 0.1.2 16.00 NOTE
r-oldrel-macos-x86_64 0.1.2 22.00 NOTE
r-oldrel-windows-x86_64 0.1.2 3.00 45.00 48.00 NOTE

Check Details

Version: 0.1.2
Check: LazyData
Result: NOTE 'LazyData' is specified without a 'data' directory Flavors: r-oldrel-macos-arm64, r-oldrel-macos-x86_64, r-oldrel-windows-x86_64

mirror server hosted at Truenetwork, Russian Federation.