CRAN Package Check Results for Package lay

Last updated on 2025-11-03 05:50:45 CET.

Flavor Version Tinstall Tcheck Ttotal Status Flags
r-devel-linux-x86_64-debian-clang 0.1.3 3.50 36.47 39.97 NOTE
r-devel-linux-x86_64-debian-gcc 0.1.3 2.60 27.48 30.08 NOTE
r-devel-linux-x86_64-fedora-clang 0.1.3 18.00 43.97 61.97 NOTE
r-devel-linux-x86_64-fedora-gcc 0.1.3 54.62 NOTE
r-devel-windows-x86_64 0.1.3 7.00 51.00 58.00 NOTE
r-patched-linux-x86_64 0.1.3 3.64 32.81 36.45 NOTE
r-release-linux-x86_64 0.1.3 2.85 32.87 35.72 NOTE
r-release-macos-arm64 0.1.3 4.00 36.00 40.00 NOTE
r-release-macos-x86_64 0.1.3 3.00 40.00 43.00 NOTE
r-release-windows-x86_64 0.1.3 6.00 50.00 56.00 NOTE
r-oldrel-macos-arm64 0.1.3 2.00 20.00 22.00 OK
r-oldrel-macos-x86_64 0.1.3 3.00 28.00 31.00 OK
r-oldrel-windows-x86_64 0.1.3 7.00 62.00 69.00 OK

Check Details

Version: 0.1.3
Check: DESCRIPTION meta-information
Result: NOTE Missing dependency on R >= 4.1.0 because package code uses the pipe |> or function shorthand \(...) syntax added in R 4.1.0. File(s) using such syntax: ‘lay.Rd’ Flavors: r-devel-linux-x86_64-debian-clang, r-devel-linux-x86_64-debian-gcc, r-devel-linux-x86_64-fedora-clang, r-devel-linux-x86_64-fedora-gcc, r-devel-windows-x86_64, r-patched-linux-x86_64, r-release-linux-x86_64, r-release-macos-arm64, r-release-macos-x86_64, r-release-windows-x86_64

mirror server hosted at Truenetwork, Russian Federation.