CRAN Package Check Results for Package lcyanalysis

Last updated on 2025-11-02 23:49:42 CET.

Flavor Version Tinstall Tcheck Ttotal Status Flags
r-devel-linux-x86_64-debian-clang 1.0.4 6.03 38.32 44.35 NOTE
r-devel-linux-x86_64-debian-gcc 1.0.4 4.03 28.28 32.31 NOTE
r-devel-linux-x86_64-fedora-clang 1.0.4 23.00 48.22 71.22 OK
r-devel-linux-x86_64-fedora-gcc 1.0.4 12.00 52.59 64.59 OK
r-devel-windows-x86_64 1.0.4 8.00 52.00 60.00 OK
r-patched-linux-x86_64 1.0.4 5.14 36.20 41.34 OK
r-release-linux-x86_64 1.0.4 5.66 36.45 42.11 OK
r-release-macos-arm64 1.0.4 3.00 25.00 28.00 OK
r-release-macos-x86_64 1.0.4 8.00 51.00 59.00 OK
r-release-windows-x86_64 1.0.4 7.00 51.00 58.00 OK
r-oldrel-macos-arm64 1.0.4 3.00 19.00 22.00 NOTE
r-oldrel-macos-x86_64 1.0.4 4.00 28.00 32.00 NOTE
r-oldrel-windows-x86_64 1.0.4 9.00 63.00 72.00 NOTE

Check Details

Version: 1.0.4
Check: CRAN incoming feasibility
Result: NOTE Maintainer: ‘Chun-Yu Liu <john401528@gmail.com>’ No Authors@R field in DESCRIPTION. Please add one, modifying Authors@R: c(person(given = "Chun-Yu", family = "Liu", role = c("aut", "cph", "cre"), email = "john401528@gmail.com"), person(given = "Shu-Nung", family = "Yao", role = c("rev", "ths"))) as necessary. Flavors: r-devel-linux-x86_64-debian-clang, r-devel-linux-x86_64-debian-gcc

Version: 1.0.4
Check: LazyData
Result: NOTE 'LazyData' is specified without a 'data' directory Flavors: r-oldrel-macos-arm64, r-oldrel-macos-x86_64, r-oldrel-windows-x86_64

mirror server hosted at Truenetwork, Russian Federation.