Last updated on 2025-02-22 05:51:39 CET.
Flavor | Version | Tinstall | Tcheck | Ttotal | Status | Flags |
---|---|---|---|---|---|---|
r-devel-linux-x86_64-debian-clang | 1.0.3 | 29.11 | 322.54 | 351.65 | NOTE | |
r-devel-linux-x86_64-debian-gcc | 1.0.3 | 22.31 | 179.76 | 202.07 | NOTE | |
r-devel-linux-x86_64-fedora-clang | 1.0.3 | 494.59 | NOTE | |||
r-devel-linux-x86_64-fedora-gcc | 1.0.3 | 443.41 | NOTE | |||
r-devel-macos-arm64 | 1.0.3 | 121.00 | OK | |||
r-devel-macos-x86_64 | 1.0.3 | 273.00 | NOTE | |||
r-devel-windows-x86_64 | 1.0.3 | 32.00 | 268.00 | 300.00 | NOTE | |
r-patched-linux-x86_64 | 1.0.3 | 29.78 | 242.97 | 272.75 | OK | |
r-release-linux-x86_64 | 1.0.3 | 24.40 | 245.85 | 270.25 | OK | |
r-release-macos-arm64 | 1.0.3 | 126.00 | OK | |||
r-release-macos-x86_64 | 1.0.3 | 239.00 | OK | |||
r-release-windows-x86_64 | 1.0.3 | 30.00 | 267.00 | 297.00 | OK | |
r-oldrel-macos-arm64 | 1.0.3 | 131.00 | OK | |||
r-oldrel-macos-x86_64 | 1.0.3 | 259.00 | OK | |||
r-oldrel-windows-x86_64 | 1.0.3 | 41.00 | 351.00 | 392.00 | OK |
Version: 1.0.3
Check: DESCRIPTION meta-information
Result: NOTE
Missing dependency on R >= 4.1.0 because package code uses the pipe
|> or function shorthand \(...) syntax added in R 4.1.0.
File(s) using such syntax:
‘plot_mpp.R’
Flavors: r-devel-linux-x86_64-debian-clang, r-devel-linux-x86_64-debian-gcc, r-devel-linux-x86_64-fedora-clang, r-devel-linux-x86_64-fedora-gcc, r-devel-macos-x86_64, r-devel-windows-x86_64