Last updated on 2025-07-12 12:48:32 CEST.
Flavor | Version | Tinstall | Tcheck | Ttotal | Status | Flags |
---|---|---|---|---|---|---|
r-devel-linux-x86_64-debian-clang | 0.2.4 | 30.33 | 257.61 | 287.94 | OK | |
r-devel-linux-x86_64-debian-gcc | 0.2.4 | 20.73 | 169.13 | 189.86 | WARN | |
r-devel-linux-x86_64-fedora-clang | 0.2.4 | 448.09 | OK | |||
r-devel-linux-x86_64-fedora-gcc | 0.2.4 | 429.17 | OK | |||
r-devel-windows-x86_64 | 0.2.4 | 30.00 | 205.00 | 235.00 | OK | |
r-patched-linux-x86_64 | 0.2.4 | 33.20 | 246.89 | 280.09 | OK | |
r-release-linux-x86_64 | 0.2.4 | 29.77 | 243.67 | 273.44 | OK | |
r-release-macos-arm64 | 0.2.4 | 96.00 | OK | |||
r-release-macos-x86_64 | 0.2.4 | 267.00 | OK | |||
r-release-windows-x86_64 | 0.2.4 | 29.00 | 202.00 | 231.00 | OK | |
r-oldrel-macos-arm64 | 0.2.4 | 101.00 | OK | |||
r-oldrel-macos-x86_64 | 0.2.4 | 260.00 | OK | |||
r-oldrel-windows-x86_64 | 0.2.4 | 40.00 | 277.00 | 317.00 | OK |
Version: 0.2.4
Check: replacement functions
Result: WARN
‘addLineFeatures.:.leaflet’ ‘addLineFeatures.:.leaflet_proxy’
‘addLineFeatures.:.mapdeck’ ‘addLineFeatures.:.mapview’
‘addPointFeatures.:.leaflet’ ‘addPointFeatures.:.leaflet_proxy’
‘addPointFeatures.:.mapdeck’ ‘addPointFeatures.:.mapview’
‘addPolygonFeatures.:.leaflet’ ‘addPolygonFeatures.:.leaflet_proxy’
‘addPolygonFeatures.:.mapdeck’ ‘addPolygonFeatures.:.mapview’
‘addLineFeatures.:.leaflet’ ‘addLineFeatures.:.leaflet_proxy’
‘addLineFeatures.:.mapdeck’ ‘addLineFeatures.:.mapview’
‘addPointFeatures.:.leaflet’ ‘addPointFeatures.:.leaflet_proxy’
‘addPointFeatures.:.mapdeck’ ‘addPointFeatures.:.mapview’
‘addPolygonFeatures.:.leaflet’ ‘addPolygonFeatures.:.leaflet_proxy’
‘addPolygonFeatures.:.mapdeck’ ‘addPolygonFeatures.:.mapview’
The argument of a replacement function which corresponds to the right
hand side must be named ‘value’.
Flavor: r-devel-linux-x86_64-debian-gcc