CRAN Package Check Results for Package leaftime

Last updated on 2025-02-22 17:49:47 CET.

Flavor Version Tinstall Tcheck Ttotal Status Flags
r-devel-linux-x86_64-debian-clang 0.2.0 2.25 22.29 24.54 OK
r-devel-linux-x86_64-debian-gcc 0.2.0 1.88 17.96 19.84 OK
r-devel-linux-x86_64-fedora-clang 0.2.0 39.81 OK
r-devel-linux-x86_64-fedora-gcc 0.2.0 38.02 OK
r-devel-macos-arm64 0.2.0 17.00 OK
r-devel-macos-x86_64 0.2.0 31.00 OK
r-devel-windows-x86_64 0.2.0 5.00 46.00 51.00 OK
r-patched-linux-x86_64 0.2.0 2.52 21.43 23.95 NOTE
r-release-linux-x86_64 0.2.0 2.56 21.49 24.05 NOTE
r-release-macos-arm64 0.2.0 17.00 NOTE
r-release-macos-x86_64 0.2.0 24.00 NOTE
r-release-windows-x86_64 0.2.0 5.00 46.00 51.00 NOTE
r-oldrel-macos-arm64 0.2.0 18.00 NOTE
r-oldrel-macos-x86_64 0.2.0 24.00 NOTE
r-oldrel-windows-x86_64 0.2.0 5.00 49.00 54.00 NOTE

Check Details

Version: 0.2.0
Check: LazyData
Result: NOTE 'LazyData' is specified without a 'data' directory Flavors: r-patched-linux-x86_64, r-release-linux-x86_64, r-release-macos-arm64, r-release-macos-x86_64, r-release-windows-x86_64, r-oldrel-macos-arm64, r-oldrel-macos-x86_64, r-oldrel-windows-x86_64

mirror server hosted at Truenetwork, Russian Federation.