Last updated on 2025-11-03 23:50:22 CET.
| Flavor | Version | Tinstall | Tcheck | Ttotal | Status | Flags | 
|---|---|---|---|---|---|---|
| r-devel-linux-x86_64-debian-clang | 1.0.4 | 12.47 | 86.64 | 99.11 | NOTE | |
| r-devel-linux-x86_64-debian-gcc | 1.0.4 | 8.42 | 61.17 | 69.59 | NOTE | |
| r-devel-linux-x86_64-fedora-clang | 1.0.4 | 51.00 | 111.55 | 162.55 | OK | |
| r-devel-linux-x86_64-fedora-gcc | 1.0.4 | 23.00 | 122.12 | 145.12 | OK | |
| r-devel-windows-x86_64 | 1.0.4 | 13.00 | 94.00 | 107.00 | OK | |
| r-patched-linux-x86_64 | 1.0.4 | 10.99 | 83.15 | 94.14 | OK | |
| r-release-linux-x86_64 | 1.0.4 | 11.68 | 82.81 | 94.49 | OK | |
| r-release-macos-arm64 | 1.0.4 | 6.00 | 43.00 | 49.00 | OK | |
| r-release-macos-x86_64 | 1.0.4 | 11.00 | 119.00 | 130.00 | OK | |
| r-release-windows-x86_64 | 1.0.4 | 14.00 | 100.00 | 114.00 | OK | |
| r-oldrel-macos-arm64 | 1.0.4 | 5.00 | 40.00 | 45.00 | OK | |
| r-oldrel-macos-x86_64 | 1.0.4 | 8.00 | 60.00 | 68.00 | OK | |
| r-oldrel-windows-x86_64 | 1.0.4 | 17.00 | 121.00 | 138.00 | OK | 
Version: 1.0.4
Check: CRAN incoming feasibility
Result: NOTE
  Maintainer: ‘Liam J. Revell <liam.revell@umb.edu>’
  
  No Authors@R field in DESCRIPTION.
  Please add one, modifying
    Authors@R: person(given = c("Liam", "J."),
                      family = "Revell",
                      role = c("aut", "cre"),
                      email = "liam.revell@umb.edu")
  as necessary.
Flavors: r-devel-linux-x86_64-debian-clang, r-devel-linux-x86_64-debian-gcc