Last updated on 2025-07-13 00:48:30 CEST.
Flavor | Version | Tinstall | Tcheck | Ttotal | Status | Flags |
---|---|---|---|---|---|---|
r-devel-linux-x86_64-debian-clang | 1.2.4 | 488.01 | 222.48 | 710.49 | NOTE | |
r-devel-linux-x86_64-debian-gcc | 1.2.4 | 456.53 | 191.55 | 648.08 | NOTE | |
r-devel-linux-x86_64-fedora-clang | 1.2.4 | 1077.04 | NOTE | |||
r-devel-linux-x86_64-fedora-gcc | 1.2.4 | 1444.91 | NOTE | |||
r-devel-windows-x86_64 | 1.2.4 | 506.00 | 277.00 | 783.00 | NOTE | |
r-patched-linux-x86_64 | 1.2.4 | 599.62 | 260.38 | 860.00 | NOTE | |
r-release-linux-x86_64 | 1.2.4 | 579.77 | 260.61 | 840.38 | NOTE | |
r-release-macos-arm64 | 1.2.4 | 282.00 | NOTE | |||
r-release-macos-x86_64 | 1.2.4 | 406.00 | NOTE | |||
r-release-windows-x86_64 | 1.2.4 | 541.00 | 289.00 | 830.00 | NOTE | |
r-oldrel-macos-arm64 | 1.2.4 | 158.00 | NOTE | |||
r-oldrel-macos-x86_64 | 1.2.4 | 192.00 | NOTE | |||
r-oldrel-windows-x86_64 | 1.2.4 | 612.00 | 344.00 | 956.00 | NOTE |
Version: 1.2.4
Check: Rd files
Result: NOTE
checkRd: (-1) prior_to_num.Rd:13: Lost braces; missing escapes or markup?
13 | {'uniform', 'normal', 'student-t', 'gamma', 'inv-gamma', 'log-normal'}
| ^
Flavors: r-devel-linux-x86_64-debian-clang, r-devel-linux-x86_64-debian-gcc, r-devel-linux-x86_64-fedora-clang, r-devel-linux-x86_64-fedora-gcc, r-devel-windows-x86_64, r-patched-linux-x86_64, r-release-linux-x86_64, r-release-macos-arm64, r-release-macos-x86_64, r-release-windows-x86_64, r-oldrel-macos-arm64, r-oldrel-macos-x86_64, r-oldrel-windows-x86_64
Version: 1.2.4
Check: installed package size
Result: NOTE
installed size is 115.7Mb
sub-directories of 1Mb or more:
libs 114.4Mb
Flavors: r-oldrel-macos-arm64, r-oldrel-macos-x86_64, r-oldrel-windows-x86_64
Version: 1.2.4
Check: for GNU extensions in Makefiles
Result: NOTE
GNU make is a SystemRequirements.
Flavors: r-oldrel-macos-arm64, r-oldrel-macos-x86_64, r-oldrel-windows-x86_64