CRAN Package Check Results for Package libgeos

Last updated on 2025-11-24 17:50:03 CET.

Flavor Version Tinstall Tcheck Ttotal Status Flags
r-devel-linux-x86_64-debian-clang 3.11.1-3 677.35 23.64 700.99 OK
r-devel-linux-x86_64-debian-gcc 3.11.1-3 411.04 19.56 430.60 OK
r-devel-linux-x86_64-fedora-clang 3.11.1-3 2340.00 -585.96 1754.04 OK
r-devel-linux-x86_64-fedora-gcc 3.11.1-3 1320.00 -122.54 1197.46 OK
r-devel-windows-x86_64 3.11.1-3 1001.00 84.00 1085.00 OK
r-patched-linux-x86_64 3.11.1-3 600.12 21.52 621.64 OK
r-release-linux-x86_64 3.11.1-3 606.57 21.18 627.75 OK
r-release-macos-arm64 3.11.1-3 OK
r-release-macos-x86_64 3.11.1-3 188.00 31.00 219.00 OK
r-release-windows-x86_64 3.11.1-3 734.00 82.00 816.00 OK
r-oldrel-macos-arm64 3.11.1-3 NOTE
r-oldrel-macos-x86_64 3.11.1-3 140.00 72.00 212.00 NOTE
r-oldrel-windows-x86_64 3.11.1-3 730.00 116.00 846.00 OK

Check Details

Version: 3.11.1-3
Check: installed package size
Result: NOTE installed size is 43.5Mb sub-directories of 1Mb or more: libs 43.3Mb Flavors: r-oldrel-macos-arm64, r-oldrel-macos-x86_64

mirror server hosted at Truenetwork, Russian Federation.